{"id":834,"date":"2014-03-18T09:49:29","date_gmt":"2014-03-18T09:49:29","guid":{"rendered":"http:\/\/the7.dream-demo.com\/business\/?page_id=2"},"modified":"2026-03-23T11:58:06","modified_gmt":"2026-03-23T11:58:06","slug":"homepages","status":"publish","type":"page","link":"https:\/\/universidadpyme.fundae.es\/bilbao\/","title":{"rendered":"Home"},"content":{"rendered":"<section class=\"wpb-content-wrapper\"><p>[vc_row el_class=\u00bbhome-columna\u00bb][vc_column width=\u00bb1\/3&#8243; el_class=\u00bbprimera\u00bb][vc_column_text el_class=\u00bbtexto\u00bb css=\u00bb.vc_custom_1755849846617{margin-right: 50px !important;}\u00bb]<\/p>\n<h1 class=\"home\">La IA al servicio de la pyme y la innovaci\u00f3n<\/h1>\n<p>La inteligencia artificial est\u00e1 transformando el mundo que conocemos. Desde c\u00f3mo producimos hasta c\u00f3mo tomamos decisiones, la IA est\u00e1 revolucionando nuestras empresas, f\u00e1bricas, servicios&#8230; y nuestras ideas&#8230; Durante dos d\u00edas, reunimos en Bilbao, a referentes del sector, innovadores, startups y profesionales que est\u00e1n usando la IA para cambiar las reglas del juego. Si tu empresa quiere evolucionar, este es el momento. Este es el lugar.<\/p>\n<p><span class=\"verde\">Dirigido a <\/span> pymes, emprendedores y profesionales de todos los sectores interesados en la transformaci\u00f3n digital y las tecnolog\u00edas emergentes.[\/vc_column_text][\/vc_column][vc_column width=\u00bb1\/3&#8243; el_class=\u00bbsegunda\u00bb css=\u00bb.vc_custom_1753121426193{margin-left: 50px !important;}\u00bb][vc_single_image image=\u00bb2939&#8243; img_size=\u00bb260&#215;150&#8243; el_class=\u00bbhome-calendario\u00bb][vc_column_text css=\u00bb.vc_custom_1754934051773{margin-top: 20px !important;}\u00bb el_class=\u00bbtexto\u00bb]<strong>Fecha:<\/strong> 1 y 2 de octubre<br \/>\n<strong>Horario:<\/strong><br \/>\n&#8211; 1 de octubre: 08:30 &#8211; 13:15 horas<br \/>\n&#8211; 2 de octubre: 09:30 &#8211; 14:00 horas<br \/>\n<strong>Lugar:<\/strong> Palacio Euskalduna, sala 2 Exterior<br \/>\n<strong>Direcci\u00f3n:<\/strong> Avenida Abandoibarra, 4, 48011<br \/>\nBilbao, Vizcaya.[\/vc_column_text][vc_column_text css=\u00bb.vc_custom_1753103523187{margin-top: 20px !important;}\u00bb]<strong><span class=\"verde texto\">\u00a1No te quedes sin plaza!<\/span><\/strong>[\/vc_column_text][vc_btn title=\u00bbInscr\u00edbete\u00bb color=\u00bbprimary\u00bb el_class=\u00bbhome-boton none\u00bb link=\u00bburl:https%3A%2F%2Fformularios.businessplus.es%2FUniversidadPyme%3Fclave%3DOMGVV7YRMU2hFZs8v7KS4g|target:_blank\u00bb][\/vc_column][vc_column width=\u00bb1\/3&#8243; el_class=\u00bbtercera\u00bb][vc_single_image image=\u00bb2926&#8243; img_size=\u00bb230&#215;105&#8243; alignment=\u00bbcenter\u00bb][vc_column_text el_class=\u00bbtexto\u00bb]<strong>Te invitamos a ser parte de este concurso dise\u00f1ado para dar visibilidad a tu startup, producto o servicio ante una audiencia relevante.<\/strong><\/p>\n<p>Tendr\u00e1s la oportunidad de presentar tu proyecto ante inversores, fondos de inversi\u00f3n y un jurado de expertos que te ofrecer\u00e1n consejos y mejores pr\u00e1cticas para perfeccionar tus habilidades empresariales.[\/vc_column_text][vc_btn title=\u00bbLeer m\u00e1s\u00bb color=\u00bbprimary\u00bb el_class=\u00bbhome-boton\u00bb link=\u00bburl:https%3A%2F%2Funiversostartup.es|target:_blank\u00bb][\/vc_column][\/vc_row][vc_row anchor=\u00bb200&#8243; el_class=\u00bbcolumna_inicio\u00bb][vc_column width=\u00bb1\/3&#8243;][vc_single_image image=\u00bb2913&#8243; alignment=\u00bbcenter\u00bb el_class=\u00bbiconos_inicio\u00bb][vc_column_text el_class=\u00bbtexto\u00bb]<\/p>\n<p class=\"texto-home\" style=\"text-align: center;\">01 y 02 de octubre de 2025<\/p>\n<p>[\/vc_column_text][\/vc_column][vc_column width=\u00bb1\/3&#8243;][vc_single_image image=\u00bb2912&#8243; alignment=\u00bbcenter\u00bb el_class=\u00bbiconos_inicio\u00bb][vc_column_text el_class=\u00bbtexto\u00bb]<\/p>\n<p class=\"texto-home\" style=\"text-align: center;\">de 09:00 a 14:00<\/p>\n<p>[\/vc_column_text][\/vc_column][vc_column width=\u00bb1\/3&#8243;][vc_single_image image=\u00bb2915&#8243; alignment=\u00bbcenter\u00bb el_class=\u00bbiconos_inicio\u00bb][vc_wp_text el_class=\u00bbtexto\u00bb]<\/p>\n<p class=\"texto-home\" style=\"text-align: center;\">Palacio Euskalduna, sala 2 Exterior.<\/p>\n<p>&nbsp;<\/p>\n<p class=\"texto-home-span\" style=\"text-align: center;\">Avenida Abandoibarra, 4, 48011 Bilbao, Vizcaya.<\/p>\n<p>[\/vc_wp_text][\/vc_column][\/vc_row][vc_row][vc_column][vc_single_image image=\u00bb3268&#8243; img_size=\u00bb1200 x 70&#8243; alignment=\u00bbcenter\u00bb el_class=\u00bbimagen_ministerio\u00bb][\/vc_column][\/vc_row]<\/p>\n<\/section>","protected":false},"excerpt":{"rendered":"<p>[vc_row el_class=\u00bbhome-columna\u00bb][vc_column width=\u00bb1\/3&#8243; el_class=\u00bbprimera\u00bb][vc_column_text el_class=\u00bbtexto\u00bb css=\u00bb.vc_custom_1755849846617{margin-right: 50px !important;}\u00bb] La IA al servicio de la pyme y la innovaci\u00f3n La inteligencia artificial est\u00e1 transformando el mundo que conocemos. Desde c\u00f3mo producimos hasta c\u00f3mo tomamos decisiones, la IA est\u00e1 revolucionando nuestras empresas, f\u00e1bricas, servicios&#8230; y nuestras ideas&#8230; Durante dos d\u00edas, reunimos en Bilbao, a referentes del sector,&hellip;<\/p>\n","protected":false},"author":1,"featured_media":0,"parent":0,"menu_order":0,"comment_status":"closed","ping_status":"closed","template":"","meta":{"footnotes":""},"class_list":["post-834","page","type-page","status-publish","hentry"],"_links":{"self":[{"href":"https:\/\/universidadpyme.fundae.es\/bilbao\/wp-json\/wp\/v2\/pages\/834","targetHints":{"allow":["GET"]}}],"collection":[{"href":"https:\/\/universidadpyme.fundae.es\/bilbao\/wp-json\/wp\/v2\/pages"}],"about":[{"href":"https:\/\/universidadpyme.fundae.es\/bilbao\/wp-json\/wp\/v2\/types\/page"}],"author":[{"embeddable":true,"href":"https:\/\/universidadpyme.fundae.es\/bilbao\/wp-json\/wp\/v2\/users\/1"}],"replies":[{"embeddable":true,"href":"https:\/\/universidadpyme.fundae.es\/bilbao\/wp-json\/wp\/v2\/comments?post=834"}],"version-history":[{"count":98,"href":"https:\/\/universidadpyme.fundae.es\/bilbao\/wp-json\/wp\/v2\/pages\/834\/revisions"}],"predecessor-version":[{"id":3460,"href":"https:\/\/universidadpyme.fundae.es\/bilbao\/wp-json\/wp\/v2\/pages\/834\/revisions\/3460"}],"wp:attachment":[{"href":"https:\/\/universidadpyme.fundae.es\/bilbao\/wp-json\/wp\/v2\/media?parent=834"}],"curies":[{"name":"wp","href":"https:\/\/api.w.org\/{rel}","templated":true}]}}

<section class="wpb-content-wrapper"><p>[vc_row el_class=»home-columna»][vc_column width=»1/3&#8243; el_class=»primera»][vc_column_text el_class=»texto» css=».vc_custom_1755849846617{margin-right: 50px !important;}»]</p>
<h1 class="home">La IA al servicio de la pyme y la innovación</h1>
<p>La inteligencia artificial está transformando el mundo que conocemos. Desde cómo producimos hasta cómo tomamos decisiones, la IA está revolucionando nuestras empresas, fábricas, servicios&#8230; y nuestras ideas&#8230; Durante dos días, reunimos en Bilbao, a referentes del sector, innovadores, startups y profesionales que están usando la IA para cambiar las reglas del juego. Si tu empresa quiere evolucionar, este es el momento. Este es el lugar.</p>
<p><span class="verde">Dirigido a </span> pymes, emprendedores y profesionales de todos los sectores interesados en la transformación digital y las tecnologías emergentes.[/vc_column_text][/vc_column][vc_column width=»1/3&#8243; el_class=»segunda» css=».vc_custom_1753121426193{margin-left: 50px !important;}»][vc_single_image image=»2939&#8243; img_size=»260&#215;150&#8243; el_class=»home-calendario»][vc_column_text css=».vc_custom_1754934051773{margin-top: 20px !important;}» el_class=»texto»]<strong>Fecha:</strong> 1 y 2 de octubre<br />
<strong>Horario:</strong><br />
&#8211; 1 de octubre: 08:30 &#8211; 13:15 horas<br />
&#8211; 2 de octubre: 09:30 &#8211; 14:00 horas<br />
<strong>Lugar:</strong> Palacio Euskalduna, sala 2 Exterior<br />
<strong>Dirección:</strong> Avenida Abandoibarra, 4, 48011<br />
Bilbao, Vizcaya.[/vc_column_text][vc_column_text css=».vc_custom_1753103523187{margin-top: 20px !important;}»]<strong><span class="verde texto">¡No te quedes sin plaza!</span></strong>[/vc_column_text][vc_btn title=»Inscríbete» color=»primary» el_class=»home-boton none» link=»url:https%3A%2F%2Fformularios.businessplus.es%2FUniversidadPyme%3Fclave%3DOMGVV7YRMU2hFZs8v7KS4g|target:_blank»][/vc_column][vc_column width=»1/3&#8243; el_class=»tercera»][vc_single_image image=»2926&#8243; img_size=»230&#215;105&#8243; alignment=»center»][vc_column_text el_class=»texto»]<strong>Te invitamos a ser parte de este concurso diseñado para dar visibilidad a tu startup, producto o servicio ante una audiencia relevante.</strong></p>
<p>Tendrás la oportunidad de presentar tu proyecto ante inversores, fondos de inversión y un jurado de expertos que te ofrecerán consejos y mejores prácticas para perfeccionar tus habilidades empresariales.[/vc_column_text][vc_btn title=»Leer más» color=»primary» el_class=»home-boton» link=»url:https%3A%2F%2Funiversostartup.es|target:_blank»][/vc_column][/vc_row][vc_row anchor=»200&#8243; el_class=»columna_inicio»][vc_column width=»1/3&#8243;][vc_single_image image=»2913&#8243; alignment=»center» el_class=»iconos_inicio»][vc_column_text el_class=»texto»]</p>
<p class="texto-home" style="text-align: center;">01 y 02 de octubre de 2025</p>
<p>[/vc_column_text][/vc_column][vc_column width=»1/3&#8243;][vc_single_image image=»2912&#8243; alignment=»center» el_class=»iconos_inicio»][vc_column_text el_class=»texto»]</p>
<p class="texto-home" style="text-align: center;">de 09:00 a 14:00</p>
<p>[/vc_column_text][/vc_column][vc_column width=»1/3&#8243;][vc_single_image image=»2915&#8243; alignment=»center» el_class=»iconos_inicio»][vc_wp_text el_class=»texto»]</p>
<p class="texto-home" style="text-align: center;">Palacio Euskalduna, sala 2 Exterior.</p>
<p>&nbsp;</p>
<p class="texto-home-span" style="text-align: center;">Avenida Abandoibarra, 4, 48011 Bilbao, Vizcaya.</p>
<p>[/vc_wp_text][/vc_column][/vc_row][vc_row][vc_column][vc_single_image image=»3268&#8243; img_size=»1200 x 70&#8243; alignment=»center» el_class=»imagen_ministerio»][/vc_column][/vc_row]</p>
</section>

<p>[vc_row el_class=»home-columna»][vc_column width=»1/3&#8243; el_class=»primera»][vc_column_text el_class=»texto» css=».vc_custom_1755849846617{margin-right: 50px !important;}»] La IA al servicio de la pyme y la innovación La inteligencia artificial está transformando el mundo que conocemos. Desde cómo producimos hasta cómo tomamos decisiones, la IA está revolucionando nuestras empresas, fábricas, servicios&#8230; y nuestras ideas&#8230; Durante dos días, reunimos en Bilbao, a referentes del sector,&hellip;</p>
