{"id":834,"date":"2014-03-18T09:49:29","date_gmt":"2014-03-18T09:49:29","guid":{"rendered":"http:\/\/the7.dream-demo.com\/business\/?page_id=2"},"modified":"2024-04-17T14:58:56","modified_gmt":"2024-04-17T14:58:56","slug":"homepages","status":"publish","type":"page","link":"https:\/\/universidadpyme.fundae.es\/cordoba\/","title":{"rendered":"Home"},"content":{"rendered":"<section class=\"wpb-content-wrapper\"><p>[vc_row anchor=\u00bb200&#8243; el_class=\u00bbcolumna_inicio\u00bb][vc_column][vc_empty_space height=\u00bb100&#8243;][\/vc_column][\/vc_row][vc_row][vc_column width=\u00bb1\/3&#8243;][\/vc_column][vc_column width=\u00bb1\/3&#8243;][vc_empty_space height=\u00bb100&#8243;][vc_column_text]<div style=\"width: 1200px;\" class=\"wp-video\"><video class=\"wp-video-shortcode\" id=\"video-834-1\" width=\"1200\" height=\"675\" preload=\"metadata\" controls=\"controls\"><source type=\"video\/mp4\" src=\"https:\/\/universidadpyme.fundae.es\/cordoba\/wp-content\/uploads\/2024\/02\/videonoticia-web-compressed.mp4?_=1\" \/><a href=\"https:\/\/universidadpyme.fundae.es\/cordoba\/wp-content\/uploads\/2024\/02\/videonoticia-web-compressed.mp4\">https:\/\/universidadpyme.fundae.es\/cordoba\/wp-content\/uploads\/2024\/02\/videonoticia-web-compressed.mp4<\/a><\/video><\/div>[\/vc_column_text][vc_empty_space height=\u00bb100&#8243;][\/vc_column][vc_column width=\u00bb1\/3&#8243;][\/vc_column][\/vc_row][vc_row][vc_column][vc_column_text css=\u00bb.vc_custom_1709746325245{padding-right: 10px !important;padding-left: 10px !important;}\u00bb el_class=\u00bbhome-texto\u00bb]El evento, inmerso dentro del proyecto Universidad Pyme, fue organizado por la Fundaci\u00f3n Estatal para la Formaci\u00f3n en el Empleo, Fundae, el SEPE y, en esta ocasi\u00f3n, con la colaboraci\u00f3n de Direcci\u00f3n General de Formaci\u00f3n Profesional para el Empleo de la Junta de Andaluc\u00eda.[\/vc_column_text][vc_column_text css=\u00bb.vc_custom_1709746217557{padding-right: 10px !important;padding-left: 10px !important;}\u00bb el_class=\u00bbhome-texto\u00bb]Al evento acudieron personas interesadas en el sector agroalimentario y agrario, entidades p\u00fablicas y privadas, empresas y personas emprendedoras sensibilizadas e implicadas en la transformaci\u00f3n digital, tambi\u00e9n aquellas vinculadas a la formaci\u00f3n y el empleo.[\/vc_column_text][vc_column_text css=\u00bb.vc_custom_1709746267580{padding-right: 10px !important;padding-left: 10px !important;}\u00bb el_class=\u00bbhome-texto\u00bb]Fueron dos d\u00edas donde los asistentes conocieron las \u00faltimas novedades en el sector agrario y alimentario gracias a ponencias inspiradoras, disfrutaron de espacios de networking y conocieron proyectos y pr\u00e1cticas innovadores en el sector.[\/vc_column_text][vc_empty_space height=\u00bb100&#8243;][\/vc_column][\/vc_row][vc_row][vc_column css=\u00bb.vc_custom_1695717818475{margin-top: 100px !important;}\u00bb][vc_media_grid grid_id=\u00bbvc_gid:1713364183554-9dfdce99-29b1-3&#8243; include=\u00bb5140,5136,5142,5137,5138,5141&#8243;][vc_single_image image=\u00bb2487&#8243; img_size=\u00bb1500 x 85&#8243; alignment=\u00bbcenter\u00bb el_class=\u00bbimagen_ministerio\u00bb][\/vc_column][\/vc_row]<\/p>\n<\/section>","protected":false},"excerpt":{"rendered":"<p>[vc_row anchor=\u00bb200&#8243; el_class=\u00bbcolumna_inicio\u00bb][vc_column][vc_empty_space height=\u00bb100&#8243;][\/vc_column][\/vc_row][vc_row][vc_column width=\u00bb1\/3&#8243;][\/vc_column][vc_column width=\u00bb1\/3&#8243;][vc_empty_space height=\u00bb100&#8243;][vc_column_text][\/vc_column_text][vc_empty_space height=\u00bb100&#8243;][\/vc_column][vc_column width=\u00bb1\/3&#8243;][\/vc_column][\/vc_row][vc_row][vc_column][vc_column_text css=\u00bb.vc_custom_1709746325245{padding-right: 10px !important;padding-left: 10px !important;}\u00bb el_class=\u00bbhome-texto\u00bb]El evento, inmerso dentro del proyecto Universidad Pyme, fue organizado por la Fundaci\u00f3n Estatal para la Formaci\u00f3n en el Empleo, Fundae, el SEPE y, en esta ocasi\u00f3n, con la colaboraci\u00f3n de Direcci\u00f3n General de Formaci\u00f3n Profesional para el Empleo de la&hellip;<\/p>\n","protected":false},"author":1,"featured_media":0,"parent":0,"menu_order":0,"comment_status":"closed","ping_status":"closed","template":"","meta":{"footnotes":""},"class_list":["post-834","page","type-page","status-publish","hentry"],"yoast_head":"<!-- This site is optimized with the Yoast SEO plugin v22.5 - https:\/\/yoast.com\/wordpress\/plugins\/seo\/ -->\n<title>Home - Universidad PYME C\u00f3rdoba<\/title>\n<meta name=\"description\" content=\"Si quieres descubrir las \u00faltimas tendencias y novedades del sector de la tecnolog\u00eda e innovaci\u00f3n y la formaci\u00f3n, \u00e9ste es tu encuentro, para ti, para tu empresa, para tu proyecto.\" \/>\n<meta name=\"robots\" content=\"index, follow, max-snippet:-1, max-image-preview:large, max-video-preview:-1\" \/>\n<link rel=\"canonical\" href=\"https:\/\/universidadpyme.fundae.es\/cordoba\/\" \/>\n<meta property=\"og:locale\" content=\"es_ES\" \/>\n<meta property=\"og:type\" content=\"article\" \/>\n<meta property=\"og:title\" content=\"Universidad PYME - C\u00f3rdoba\" \/>\n<meta property=\"og:description\" content=\"Si quieres descubrir las \u00faltimas tendencias y novedades del sector de la tecnolog\u00eda e innovaci\u00f3n y la formaci\u00f3n, \u00e9ste es tu encuentro, para ti, para tu empresa, para tu proyecto.\" \/>\n<meta property=\"og:url\" content=\"https:\/\/universidadpyme.fundae.es\/cordoba\/\" \/>\n<meta property=\"og:site_name\" content=\"Universidad PYME C\u00f3rdoba\" \/>\n<meta property=\"article:modified_time\" content=\"2024-04-17T14:58:56+00:00\" \/>\n<meta property=\"og:image\" content=\"https:\/\/universidadpyme.fundae.es\/cordoba\/wp-content\/uploads\/2024\/02\/Compartir-link.png\" \/>\n\t<meta property=\"og:image:width\" content=\"300\" \/>\n\t<meta property=\"og:image:height\" content=\"300\" \/>\n\t<meta property=\"og:image:type\" content=\"image\/png\" \/>\n<meta name=\"twitter:card\" content=\"summary_large_image\" \/>\n<meta name=\"twitter:title\" content=\"Universidad PYME - C\u00f3rdoba\" \/>\n<meta name=\"twitter:description\" content=\"Si quieres descubrir las \u00faltimas tendencias y novedades del sector de la tecnolog\u00eda e innovaci\u00f3n y la formaci\u00f3n, \u00e9ste es tu encuentro, para ti, para tu empresa, para tu proyecto.\" \/>\n<meta name=\"twitter:image\" content=\"https:\/\/universidadpyme.fundae.es\/cordoba\/wp-content\/uploads\/2024\/02\/Compartir-link.png\" \/>\n<meta name=\"twitter:label1\" content=\"Tiempo de lectura\" \/>\n\t<meta name=\"twitter:data1\" content=\"1 minuto\" \/>\n<script type=\"application\/ld+json\" class=\"yoast-schema-graph\">{\"@context\":\"https:\/\/schema.org\",\"@graph\":[{\"@type\":\"WebPage\",\"@id\":\"https:\/\/universidadpyme.fundae.es\/cordoba\/\",\"url\":\"https:\/\/universidadpyme.fundae.es\/cordoba\/\",\"name\":\"Home - Universidad PYME C\u00f3rdoba\",\"isPartOf\":{\"@id\":\"https:\/\/universidadpyme.fundae.es\/cordoba\/#website\"},\"datePublished\":\"2014-03-18T09:49:29+00:00\",\"dateModified\":\"2024-04-17T14:58:56+00:00\",\"description\":\"Si quieres descubrir las \u00faltimas tendencias y novedades del sector de la tecnolog\u00eda e innovaci\u00f3n y la formaci\u00f3n, \u00e9ste es tu encuentro, para ti, para tu empresa, para tu proyecto.\",\"breadcrumb\":{\"@id\":\"https:\/\/universidadpyme.fundae.es\/cordoba\/#breadcrumb\"},\"inLanguage\":\"es\",\"potentialAction\":[{\"@type\":\"ReadAction\",\"target\":[\"https:\/\/universidadpyme.fundae.es\/cordoba\/\"]}]},{\"@type\":\"BreadcrumbList\",\"@id\":\"https:\/\/universidadpyme.fundae.es\/cordoba\/#breadcrumb\",\"itemListElement\":[{\"@type\":\"ListItem\",\"position\":1,\"name\":\"Portada\",\"item\":\"https:\/\/universidadpyme.fundae.es\/cordoba\/\"},{\"@type\":\"ListItem\",\"position\":2,\"name\":\"Home\"}]},{\"@type\":\"WebSite\",\"@id\":\"https:\/\/universidadpyme.fundae.es\/cordoba\/#website\",\"url\":\"https:\/\/universidadpyme.fundae.es\/cordoba\/\",\"name\":\"Universidad PYME C\u00f3rdoba\",\"description\":\"Otro sitio realizado con WordPress\",\"potentialAction\":[{\"@type\":\"SearchAction\",\"target\":{\"@type\":\"EntryPoint\",\"urlTemplate\":\"https:\/\/universidadpyme.fundae.es\/cordoba\/?s={search_term_string}\"},\"query-input\":\"required name=search_term_string\"}],\"inLanguage\":\"es\"}]}<\/script>\n<!-- \/ Yoast SEO plugin. -->","yoast_head_json":{"title":"Home - Universidad PYME C\u00f3rdoba","description":"Si quieres descubrir las \u00faltimas tendencias y novedades del sector de la tecnolog\u00eda e innovaci\u00f3n y la formaci\u00f3n, \u00e9ste es tu encuentro, para ti, para tu empresa, para tu proyecto.","robots":{"index":"index","follow":"follow","max-snippet":"max-snippet:-1","max-image-preview":"max-image-preview:large","max-video-preview":"max-video-preview:-1"},"canonical":"https:\/\/universidadpyme.fundae.es\/cordoba\/","og_locale":"es_ES","og_type":"article","og_title":"Universidad PYME - C\u00f3rdoba","og_description":"Si quieres descubrir las \u00faltimas tendencias y novedades del sector de la tecnolog\u00eda e innovaci\u00f3n y la formaci\u00f3n, \u00e9ste es tu encuentro, para ti, para tu empresa, para tu proyecto.","og_url":"https:\/\/universidadpyme.fundae.es\/cordoba\/","og_site_name":"Universidad PYME C\u00f3rdoba","article_modified_time":"2024-04-17T14:58:56+00:00","og_image":[{"width":300,"height":300,"url":"https:\/\/universidadpyme.fundae.es\/cordoba\/wp-content\/uploads\/2024\/02\/Compartir-link.png","type":"image\/png"}],"twitter_card":"summary_large_image","twitter_title":"Universidad PYME - C\u00f3rdoba","twitter_description":"Si quieres descubrir las \u00faltimas tendencias y novedades del sector de la tecnolog\u00eda e innovaci\u00f3n y la formaci\u00f3n, \u00e9ste es tu encuentro, para ti, para tu empresa, para tu proyecto.","twitter_image":"https:\/\/universidadpyme.fundae.es\/cordoba\/wp-content\/uploads\/2024\/02\/Compartir-link.png","twitter_misc":{"Tiempo de lectura":"1 minuto"},"schema":{"@context":"https:\/\/schema.org","@graph":[{"@type":"WebPage","@id":"https:\/\/universidadpyme.fundae.es\/cordoba\/","url":"https:\/\/universidadpyme.fundae.es\/cordoba\/","name":"Home - Universidad PYME C\u00f3rdoba","isPartOf":{"@id":"https:\/\/universidadpyme.fundae.es\/cordoba\/#website"},"datePublished":"2014-03-18T09:49:29+00:00","dateModified":"2024-04-17T14:58:56+00:00","description":"Si quieres descubrir las \u00faltimas tendencias y novedades del sector de la tecnolog\u00eda e innovaci\u00f3n y la formaci\u00f3n, \u00e9ste es tu encuentro, para ti, para tu empresa, para tu proyecto.","breadcrumb":{"@id":"https:\/\/universidadpyme.fundae.es\/cordoba\/#breadcrumb"},"inLanguage":"es","potentialAction":[{"@type":"ReadAction","target":["https:\/\/universidadpyme.fundae.es\/cordoba\/"]}]},{"@type":"BreadcrumbList","@id":"https:\/\/universidadpyme.fundae.es\/cordoba\/#breadcrumb","itemListElement":[{"@type":"ListItem","position":1,"name":"Portada","item":"https:\/\/universidadpyme.fundae.es\/cordoba\/"},{"@type":"ListItem","position":2,"name":"Home"}]},{"@type":"WebSite","@id":"https:\/\/universidadpyme.fundae.es\/cordoba\/#website","url":"https:\/\/universidadpyme.fundae.es\/cordoba\/","name":"Universidad PYME C\u00f3rdoba","description":"Otro sitio realizado con WordPress","potentialAction":[{"@type":"SearchAction","target":{"@type":"EntryPoint","urlTemplate":"https:\/\/universidadpyme.fundae.es\/cordoba\/?s={search_term_string}"},"query-input":"required name=search_term_string"}],"inLanguage":"es"}]}},"_links":{"self":[{"href":"https:\/\/universidadpyme.fundae.es\/cordoba\/wp-json\/wp\/v2\/pages\/834","targetHints":{"allow":["GET"]}}],"collection":[{"href":"https:\/\/universidadpyme.fundae.es\/cordoba\/wp-json\/wp\/v2\/pages"}],"about":[{"href":"https:\/\/universidadpyme.fundae.es\/cordoba\/wp-json\/wp\/v2\/types\/page"}],"author":[{"embeddable":true,"href":"https:\/\/universidadpyme.fundae.es\/cordoba\/wp-json\/wp\/v2\/users\/1"}],"replies":[{"embeddable":true,"href":"https:\/\/universidadpyme.fundae.es\/cordoba\/wp-json\/wp\/v2\/comments?post=834"}],"version-history":[{"count":104,"href":"https:\/\/universidadpyme.fundae.es\/cordoba\/wp-json\/wp\/v2\/pages\/834\/revisions"}],"predecessor-version":[{"id":2379,"href":"https:\/\/universidadpyme.fundae.es\/cordoba\/wp-json\/wp\/v2\/pages\/834\/revisions\/2379"}],"wp:attachment":[{"href":"https:\/\/universidadpyme.fundae.es\/cordoba\/wp-json\/wp\/v2\/media?parent=834"}],"curies":[{"name":"wp","href":"https:\/\/api.w.org\/{rel}","templated":true}]}}

<section class="wpb-content-wrapper"><p>[vc_row anchor=»200&#8243; el_class=»columna_inicio»][vc_column][vc_empty_space height=»100&#8243;][/vc_column][/vc_row][vc_row][vc_column width=»1/3&#8243;][/vc_column][vc_column width=»1/3&#8243;][vc_empty_space height=»100&#8243;][vc_column_text]<div style="width: 1200px;" class="wp-video"><video class="wp-video-shortcode" id="video-834-1" width="1200" height="675" preload="metadata" controls="controls"><source type="video/mp4" src="https://universidadpyme.fundae.es/cordoba/wp-content/uploads/2024/02/videonoticia-web-compressed.mp4?_=1" /><a href="https://universidadpyme.fundae.es/cordoba/wp-content/uploads/2024/02/videonoticia-web-compressed.mp4">https://universidadpyme.fundae.es/cordoba/wp-content/uploads/2024/02/videonoticia-web-compressed.mp4</a></video></div>[/vc_column_text][vc_empty_space height=»100&#8243;][/vc_column][vc_column width=»1/3&#8243;][/vc_column][/vc_row][vc_row][vc_column][vc_column_text css=».vc_custom_1709746325245{padding-right: 10px !important;padding-left: 10px !important;}» el_class=»home-texto»]El evento, inmerso dentro del proyecto Universidad Pyme, fue organizado por la Fundación Estatal para la Formación en el Empleo, Fundae, el SEPE y, en esta ocasión, con la colaboración de Dirección General de Formación Profesional para el Empleo de la Junta de Andalucía.[/vc_column_text][vc_column_text css=».vc_custom_1709746217557{padding-right: 10px !important;padding-left: 10px !important;}» el_class=»home-texto»]Al evento acudieron personas interesadas en el sector agroalimentario y agrario, entidades públicas y privadas, empresas y personas emprendedoras sensibilizadas e implicadas en la transformación digital, también aquellas vinculadas a la formación y el empleo.[/vc_column_text][vc_column_text css=».vc_custom_1709746267580{padding-right: 10px !important;padding-left: 10px !important;}» el_class=»home-texto»]Fueron dos días donde los asistentes conocieron las últimas novedades en el sector agrario y alimentario gracias a ponencias inspiradoras, disfrutaron de espacios de networking y conocieron proyectos y prácticas innovadores en el sector.[/vc_column_text][vc_empty_space height=»100&#8243;][/vc_column][/vc_row][vc_row][vc_column css=».vc_custom_1695717818475{margin-top: 100px !important;}»][vc_media_grid grid_id=»vc_gid:1713364183554-9dfdce99-29b1-3&#8243; include=»5140,5136,5142,5137,5138,5141&#8243;][vc_single_image image=»2487&#8243; img_size=»1500 x 85&#8243; alignment=»center» el_class=»imagen_ministerio»][/vc_column][/vc_row]</p>
</section>

<p>[vc_row anchor=»200&#8243; el_class=»columna_inicio»][vc_column][vc_empty_space height=»100&#8243;][/vc_column][/vc_row][vc_row][vc_column width=»1/3&#8243;][/vc_column][vc_column width=»1/3&#8243;][vc_empty_space height=»100&#8243;][vc_column_text][/vc_column_text][vc_empty_space height=»100&#8243;][/vc_column][vc_column width=»1/3&#8243;][/vc_column][/vc_row][vc_row][vc_column][vc_column_text css=».vc_custom_1709746325245{padding-right: 10px !important;padding-left: 10px !important;}» el_class=»home-texto»]El evento, inmerso dentro del proyecto Universidad Pyme, fue organizado por la Fundación Estatal para la Formación en el Empleo, Fundae, el SEPE y, en esta ocasión, con la colaboración de Dirección General de Formación Profesional para el Empleo de la&hellip;</p>

<!-- This site is optimized with the Yoast SEO plugin v22.5 - https://yoast.com/wordpress/plugins/seo/ -->
<title>Home - Universidad PYME Córdoba</title>
<meta name="description" content="Si quieres descubrir las últimas tendencias y novedades del sector de la tecnología e innovación y la formación, éste es tu encuentro, para ti, para tu empresa, para tu proyecto." />
<meta name="robots" content="index, follow, max-snippet:-1, max-image-preview:large, max-video-preview:-1" />
<link rel="canonical" href="https://universidadpyme.fundae.es/cordoba/" />
<meta property="og:locale" content="es_ES" />
<meta property="og:type" content="article" />
<meta property="og:title" content="Universidad PYME - Córdoba" />
<meta property="og:description" content="Si quieres descubrir las últimas tendencias y novedades del sector de la tecnología e innovación y la formación, éste es tu encuentro, para ti, para tu empresa, para tu proyecto." />
<meta property="og:url" content="https://universidadpyme.fundae.es/cordoba/" />
<meta property="og:site_name" content="Universidad PYME Córdoba" />
<meta property="article:modified_time" content="2024-04-17T14:58:56+00:00" />
<meta property="og:image" content="https://universidadpyme.fundae.es/cordoba/wp-content/uploads/2024/02/Compartir-link.png" />
	<meta property="og:image:width" content="300" />
	<meta property="og:image:height" content="300" />
	<meta property="og:image:type" content="image/png" />
<meta name="twitter:card" content="summary_large_image" />
<meta name="twitter:title" content="Universidad PYME - Córdoba" />
<meta name="twitter:description" content="Si quieres descubrir las últimas tendencias y novedades del sector de la tecnología e innovación y la formación, éste es tu encuentro, para ti, para tu empresa, para tu proyecto." />
<meta name="twitter:image" content="https://universidadpyme.fundae.es/cordoba/wp-content/uploads/2024/02/Compartir-link.png" />
<meta name="twitter:label1" content="Tiempo de lectura" />
	<meta name="twitter:data1" content="1 minuto" />
<script type="application/ld+json" class="yoast-schema-graph">{"@context":"https://schema.org","@graph":[{"@type":"WebPage","@id":"https://universidadpyme.fundae.es/cordoba/","url":"https://universidadpyme.fundae.es/cordoba/","name":"Home - Universidad PYME Córdoba","isPartOf":{"@id":"https://universidadpyme.fundae.es/cordoba/#website"},"datePublished":"2014-03-18T09:49:29+00:00","dateModified":"2024-04-17T14:58:56+00:00","description":"Si quieres descubrir las últimas tendencias y novedades del sector de la tecnología e innovación y la formación, éste es tu encuentro, para ti, para tu empresa, para tu proyecto.","breadcrumb":{"@id":"https://universidadpyme.fundae.es/cordoba/#breadcrumb"},"inLanguage":"es","potentialAction":[{"@type":"ReadAction","target":["https://universidadpyme.fundae.es/cordoba/"]}]},{"@type":"BreadcrumbList","@id":"https://universidadpyme.fundae.es/cordoba/#breadcrumb","itemListElement":[{"@type":"ListItem","position":1,"name":"Portada","item":"https://universidadpyme.fundae.es/cordoba/"},{"@type":"ListItem","position":2,"name":"Home"}]},{"@type":"WebSite","@id":"https://universidadpyme.fundae.es/cordoba/#website","url":"https://universidadpyme.fundae.es/cordoba/","name":"Universidad PYME Córdoba","description":"Otro sitio realizado con WordPress","potentialAction":[{"@type":"SearchAction","target":{"@type":"EntryPoint","urlTemplate":"https://universidadpyme.fundae.es/cordoba/?s={search_term_string}"},"query-input":"required name=search_term_string"}],"inLanguage":"es"}]}</script>
<!-- / Yoast SEO plugin. -->

Home - Universidad PYME Córdoba

Si quieres descubrir las últimas tendencias y novedades del sector de la tecnología e innovación y la formación, éste es tu encuentro, para ti, para tu empresa, para tu proyecto.

Universidad PYME - Córdoba

Universidad PYME Córdoba
