{"id":834,"date":"2014-03-18T09:49:29","date_gmt":"2014-03-18T09:49:29","guid":{"rendered":"http:\/\/the7.dream-demo.com\/business\/?page_id=2"},"modified":"2026-03-23T10:13:05","modified_gmt":"2026-03-23T10:13:05","slug":"homepages","status":"publish","type":"page","link":"https:\/\/universidadpyme.fundae.es\/cuenca\/","title":{"rendered":"Home"},"content":{"rendered":"<section class=\"wpb-content-wrapper\"><p>[vc_row el_class=\u00bbhome-columna\u00bb][vc_column width=\u00bb1\/2&#8243; el_class=\u00bbprimera\u00bb][vc_column_text el_class=\u00bbtexto\u00bb css=\u00bb.vc_custom_1770306707078{margin-right: 50px !important;}\u00bb]<\/p>\n<h1 class=\"home\">Avances digitales<br \/>\nen el turismo<\/h1>\n<p>El pr\u00f3ximo 11 de marzo de 2026, Cuenca acoge una nueva edici\u00f3n de Universidad Pyme en un entorno \u00fanico: el Museo Paleontol\u00f3gico de Castilla-La Mancha (MUPA). Una jornada dise\u00f1ada para explorar c\u00f3mo la digitalizaci\u00f3n, la creatividad y el talento est\u00e1n redefiniendo el presente y el futuro del turismo.<\/p>\n<p>Profesionales del sector, expertos en innovaci\u00f3n y representantes institucionales se dar\u00e1n cita para compartir experiencias reales y analizar c\u00f3mo la inteligencia artificial, la formaci\u00f3n y las nuevas tendencias digitales pueden impulsar un turismo m\u00e1s competitivo, sostenible y conectado con el territorio.<\/p>\n<p><strong><span class=\"naranja\">Dirigido a <\/span><\/strong> pymes, emprendedores y profesionales del sector tur\u00edstico, as\u00ed como a todas aquellas personas interesadas en la digitalizaci\u00f3n, la inteligencia artificial y las tecnolog\u00edas emergentes aplicadas al desarrollo y la competitividad de los destinos.[\/vc_column_text][\/vc_column][vc_column width=\u00bb1\/2&#8243; el_class=\u00bbsegunda\u00bb css=\u00bb.vc_custom_1757347205781{margin-top: 30px !important;margin-left: 50px !important;}\u00bb][vc_single_image image=\u00bb3992&#8243; img_size=\u00bb150&#215;180&#8243; el_class=\u00bbhome-calendario\u00bb][vc_column_text css=\u00bb.vc_custom_1770307110446{margin-top: 20px !important;}\u00bb el_class=\u00bbtexto\u00bb]<strong>Fecha:<\/strong> 11 de marzo<br \/>\n<strong>Horario:<\/strong> 09:00-14:00 horas<br \/>\n<strong>Lugar:<\/strong> MUPA. Museo Paleontol\u00f3gico de Castilla-La Mancha<br \/>\n<strong>Direcci\u00f3n:<\/strong> C. R\u00edo Gritos, 5[\/vc_column_text][vc_column_text css=\u00bb.vc_custom_1754053338684{margin-top: 20px !important;}\u00bb]<strong><span class=\"azul texto\">\u00a1No te quedes sin plaza!<\/span><\/strong>[\/vc_column_text][vc_btn title=\u00bbInscr\u00edbete\u00bb color=\u00bbprimary\u00bb el_class=\u00bbhome-boton none\u00bb link=\u00bburl:https%3A%2F%2Fformularios.businessplus.es%2FUniversidadPyme%3Fclave%3D3ixn9b8svUSiRWOeLGbR8g|target:_blank\u00bb][\/vc_column][\/vc_row][vc_row anchor=\u00bb200&#8243; el_class=\u00bbcolumna_inicio\u00bb][vc_column width=\u00bb1\/3&#8243;][vc_single_image image=\u00bb3993&#8243; alignment=\u00bbcenter\u00bb el_class=\u00bbiconos_inicio\u00bb][vc_column_text el_class=\u00bbtexto\u00bb]<\/p>\n<p class=\"texto-home\" style=\"text-align: center;\">11 de marzo de 2026<\/p>\n<p>[\/vc_column_text][\/vc_column][vc_column width=\u00bb1\/3&#8243;][vc_single_image image=\u00bb3994&#8243; alignment=\u00bbcenter\u00bb el_class=\u00bbiconos_inicio\u00bb][vc_column_text el_class=\u00bbtexto\u00bb]<\/p>\n<p class=\"texto-home\" style=\"text-align: center;\">09:00-14:00 horas<\/p>\n<p>[\/vc_column_text][\/vc_column][vc_column width=\u00bb1\/3&#8243;][vc_single_image image=\u00bb3995&#8243; alignment=\u00bbcenter\u00bb el_class=\u00bbiconos_inicio\u00bb][vc_wp_text el_class=\u00bbtexto\u00bb]<\/p>\n<p class=\"texto-home\" style=\"text-align: center;\">MUPA. Museo<br \/>\nPaleontol\u00f3gico de Castilla<br \/>\nLa Mancha<\/p>\n<p class=\"texto-home\" style=\"text-align: center; font-size: 18px; font-weight: 300;\">C. R\u00edo Gritos, 5<\/p>\n<p>[\/vc_wp_text][\/vc_column][\/vc_row][vc_row][vc_column][vc_single_image image=\u00bb3996&#8243; img_size=\u00bb1400 x 90&#8243; alignment=\u00bbcenter\u00bb el_class=\u00bbimagen_ministerio\u00bb][\/vc_column][\/vc_row]<\/p>\n<\/section>","protected":false},"excerpt":{"rendered":"<p>[vc_row el_class=\u00bbhome-columna\u00bb][vc_column width=\u00bb1\/2&#8243; el_class=\u00bbprimera\u00bb][vc_column_text el_class=\u00bbtexto\u00bb css=\u00bb.vc_custom_1770306707078{margin-right: 50px !important;}\u00bb] Avances digitales en el turismo El pr\u00f3ximo 11 de marzo de 2026, Cuenca acoge una nueva edici\u00f3n de Universidad Pyme en un entorno \u00fanico: el Museo Paleontol\u00f3gico de Castilla-La Mancha (MUPA). Una jornada dise\u00f1ada para explorar c\u00f3mo la digitalizaci\u00f3n, la creatividad y el talento est\u00e1n redefiniendo el&hellip;<\/p>\n","protected":false},"author":1,"featured_media":0,"parent":0,"menu_order":0,"comment_status":"closed","ping_status":"closed","template":"","meta":{"footnotes":""},"class_list":["post-834","page","type-page","status-publish","hentry","description-off"],"_links":{"self":[{"href":"https:\/\/universidadpyme.fundae.es\/cuenca\/wp-json\/wp\/v2\/pages\/834","targetHints":{"allow":["GET"]}}],"collection":[{"href":"https:\/\/universidadpyme.fundae.es\/cuenca\/wp-json\/wp\/v2\/pages"}],"about":[{"href":"https:\/\/universidadpyme.fundae.es\/cuenca\/wp-json\/wp\/v2\/types\/page"}],"author":[{"embeddable":true,"href":"https:\/\/universidadpyme.fundae.es\/cuenca\/wp-json\/wp\/v2\/users\/1"}],"replies":[{"embeddable":true,"href":"https:\/\/universidadpyme.fundae.es\/cuenca\/wp-json\/wp\/v2\/comments?post=834"}],"version-history":[{"count":142,"href":"https:\/\/universidadpyme.fundae.es\/cuenca\/wp-json\/wp\/v2\/pages\/834\/revisions"}],"predecessor-version":[{"id":4317,"href":"https:\/\/universidadpyme.fundae.es\/cuenca\/wp-json\/wp\/v2\/pages\/834\/revisions\/4317"}],"wp:attachment":[{"href":"https:\/\/universidadpyme.fundae.es\/cuenca\/wp-json\/wp\/v2\/media?parent=834"}],"curies":[{"name":"wp","href":"https:\/\/api.w.org\/{rel}","templated":true}]}}

<section class="wpb-content-wrapper"><p>[vc_row el_class=»home-columna»][vc_column width=»1/2&#8243; el_class=»primera»][vc_column_text el_class=»texto» css=».vc_custom_1770306707078{margin-right: 50px !important;}»]</p>
<h1 class="home">Avances digitales<br />
en el turismo</h1>
<p>El próximo 11 de marzo de 2026, Cuenca acoge una nueva edición de Universidad Pyme en un entorno único: el Museo Paleontológico de Castilla-La Mancha (MUPA). Una jornada diseñada para explorar cómo la digitalización, la creatividad y el talento están redefiniendo el presente y el futuro del turismo.</p>
<p>Profesionales del sector, expertos en innovación y representantes institucionales se darán cita para compartir experiencias reales y analizar cómo la inteligencia artificial, la formación y las nuevas tendencias digitales pueden impulsar un turismo más competitivo, sostenible y conectado con el territorio.</p>
<p><strong><span class="naranja">Dirigido a </span></strong> pymes, emprendedores y profesionales del sector turístico, así como a todas aquellas personas interesadas en la digitalización, la inteligencia artificial y las tecnologías emergentes aplicadas al desarrollo y la competitividad de los destinos.[/vc_column_text][/vc_column][vc_column width=»1/2&#8243; el_class=»segunda» css=».vc_custom_1757347205781{margin-top: 30px !important;margin-left: 50px !important;}»][vc_single_image image=»3992&#8243; img_size=»150&#215;180&#8243; el_class=»home-calendario»][vc_column_text css=».vc_custom_1770307110446{margin-top: 20px !important;}» el_class=»texto»]<strong>Fecha:</strong> 11 de marzo<br />
<strong>Horario:</strong> 09:00-14:00 horas<br />
<strong>Lugar:</strong> MUPA. Museo Paleontológico de Castilla-La Mancha<br />
<strong>Dirección:</strong> C. Río Gritos, 5[/vc_column_text][vc_column_text css=».vc_custom_1754053338684{margin-top: 20px !important;}»]<strong><span class="azul texto">¡No te quedes sin plaza!</span></strong>[/vc_column_text][vc_btn title=»Inscríbete» color=»primary» el_class=»home-boton none» link=»url:https%3A%2F%2Fformularios.businessplus.es%2FUniversidadPyme%3Fclave%3D3ixn9b8svUSiRWOeLGbR8g|target:_blank»][/vc_column][/vc_row][vc_row anchor=»200&#8243; el_class=»columna_inicio»][vc_column width=»1/3&#8243;][vc_single_image image=»3993&#8243; alignment=»center» el_class=»iconos_inicio»][vc_column_text el_class=»texto»]</p>
<p class="texto-home" style="text-align: center;">11 de marzo de 2026</p>
<p>[/vc_column_text][/vc_column][vc_column width=»1/3&#8243;][vc_single_image image=»3994&#8243; alignment=»center» el_class=»iconos_inicio»][vc_column_text el_class=»texto»]</p>
<p class="texto-home" style="text-align: center;">09:00-14:00 horas</p>
<p>[/vc_column_text][/vc_column][vc_column width=»1/3&#8243;][vc_single_image image=»3995&#8243; alignment=»center» el_class=»iconos_inicio»][vc_wp_text el_class=»texto»]</p>
<p class="texto-home" style="text-align: center;">MUPA. Museo<br />
Paleontológico de Castilla<br />
La Mancha</p>
<p class="texto-home" style="text-align: center; font-size: 18px; font-weight: 300;">C. Río Gritos, 5</p>
<p>[/vc_wp_text][/vc_column][/vc_row][vc_row][vc_column][vc_single_image image=»3996&#8243; img_size=»1400 x 90&#8243; alignment=»center» el_class=»imagen_ministerio»][/vc_column][/vc_row]</p>
</section>

<p>[vc_row el_class=»home-columna»][vc_column width=»1/2&#8243; el_class=»primera»][vc_column_text el_class=»texto» css=».vc_custom_1770306707078{margin-right: 50px !important;}»] Avances digitales en el turismo El próximo 11 de marzo de 2026, Cuenca acoge una nueva edición de Universidad Pyme en un entorno único: el Museo Paleontológico de Castilla-La Mancha (MUPA). Una jornada diseñada para explorar cómo la digitalización, la creatividad y el talento están redefiniendo el&hellip;</p>
