{"id":834,"date":"2014-03-18T09:49:29","date_gmt":"2014-03-18T09:49:29","guid":{"rendered":"http:\/\/the7.dream-demo.com\/business\/?page_id=2"},"modified":"2025-09-08T16:11:03","modified_gmt":"2025-09-08T16:11:03","slug":"homepages","status":"publish","type":"page","link":"https:\/\/universidadpyme.fundae.es\/madrid2025\/","title":{"rendered":"Home"},"content":{"rendered":"<section class=\"wpb-content-wrapper\"><p>[vc_row el_class=\u00bbhome-columna\u00bb][vc_column width=\u00bb1\/3&#8243; el_class=\u00bbprimera\u00bb][vc_column_text el_class=\u00bbtexto\u00bb css=\u00bb.vc_custom_1754548122241{margin-right: 50px !important;}\u00bb]<\/p>\n<h1 class=\"home\">El impacto de la transformaci\u00f3n digital en la log\u00edstica<\/h1>\n<p>La transformaci\u00f3n digital est\u00e1 reconfigurando el mapa log\u00edstico a toda velocidad. Automatizaci\u00f3n, inteligencia artificial, trazabilidad en tiempo real, sostenibilidad\u2026 El cambio ya est\u00e1 en marcha, y Madrid ser\u00e1 el punto de encuentro donde empresas, startups, instituciones y profesionales debatir\u00e1n, compartir\u00e1n y construir\u00e1n el futuro de la log\u00edstica. Dos d\u00edas para explorar las nuevas rutas que conectan innovaci\u00f3n, emprendimiento y digitalizaci\u00f3n con el coraz\u00f3n del transporte y la distribuci\u00f3n.<\/p>\n<p><strong><span class=\"azul\">Dirigido a <\/span><\/strong> pymes, emprendedores y profesionales de todos los sectores interesados en la transformaci\u00f3n digital y las tecnolog\u00edas emergentes.[\/vc_column_text][\/vc_column][vc_column width=\u00bb1\/3&#8243; el_class=\u00bbsegunda\u00bb css=\u00bb.vc_custom_1757347205781{margin-top: 30px !important;margin-left: 50px !important;}\u00bb][vc_single_image image=\u00bb2984&#8243; img_size=\u00bb260&#215;150&#8243; el_class=\u00bbhome-calendario\u00bb][vc_column_text css=\u00bb.vc_custom_1754053305549{margin-top: 20px !important;}\u00bb el_class=\u00bbtexto\u00bb]<strong>Fecha:<\/strong> 21 y 22 de octubre<br \/>\n<strong>Horario:<\/strong><br \/>\n&#8211; 21 de octubre: 09:00 &#8211; 13:30 horas<br \/>\n&#8211; 22 de octubre: 09:30 &#8211; 14:00 horas<br \/>\n<strong>Lugar:<\/strong> Nave de Terneras.<br \/>\n<strong>Direcci\u00f3n:<\/strong> P.\u00ba de la Chopera, 10, Arganzuela, 28045 Madrid.[\/vc_column_text][vc_column_text css=\u00bb.vc_custom_1754053338684{margin-top: 20px !important;}\u00bb]<strong><span class=\"azul texto\">\u00a1No te quedes sin plaza!<\/span><\/strong>[\/vc_column_text][vc_btn title=\u00bbInscr\u00edbete\u00bb color=\u00bbprimary\u00bb el_class=\u00bbhome-boton\u00bb link=\u00bburl:https%3A%2F%2Fformularios.businessplus.es%2FUniversidadPyme%3Fclave%3DFYduX1Ja7UqWVRKjecS3yg|target:_blank\u00bb][\/vc_column][vc_column width=\u00bb1\/3&#8243; el_class=\u00bbtercera\u00bb][vc_single_image image=\u00bb3201&#8243; img_size=\u00bb230&#215;105&#8243; alignment=\u00bbcenter\u00bb css=\u00bb.vc_custom_1757347249645{margin-top: 30px !important;}\u00bb][vc_column_text el_class=\u00bbtexto\u00bb]<strong>Te invitamos a ser parte de este concurso dise\u00f1ado para dar visibilidad a tu startup, producto o servicio ante una audiencia relevante. <\/strong><\/p>\n<p>Tendr\u00e1s la oportunidad de presentar tu proyecto ante inversores, fondos de inversi\u00f3n y un jurado de expertos que te ofrecer\u00e1n consejos y mejores pr\u00e1cticas para perfeccionar tus habilidades empresariales.[\/vc_column_text][vc_btn title=\u00bbLeer m\u00e1s\u00bb color=\u00bbprimary\u00bb el_class=\u00bbhome-boton\u00bb link=\u00bburl:https%3A%2F%2Funiversostartup.es%2F|target:_blank\u00bb][\/vc_column][\/vc_row][vc_row anchor=\u00bb200&#8243; el_class=\u00bbcolumna_inicio\u00bb][vc_column width=\u00bb1\/3&#8243;][vc_single_image image=\u00bb2990&#8243; alignment=\u00bbcenter\u00bb el_class=\u00bbiconos_inicio\u00bb][vc_column_text el_class=\u00bbtexto\u00bb]<\/p>\n<p class=\"texto-home\" style=\"text-align: center;\">21 y 22 de octubre de 2025<\/p>\n<p>[\/vc_column_text][\/vc_column][vc_column width=\u00bb1\/3&#8243;][vc_single_image image=\u00bb2992&#8243; alignment=\u00bbcenter\u00bb el_class=\u00bbiconos_inicio\u00bb][vc_column_text el_class=\u00bbtexto\u00bb]<\/p>\n<p class=\"texto-home\" style=\"text-align: center;\">de 09:00 a 13:30<\/p>\n<p class=\"texto-home\" style=\"text-align: center;\">de 09:30 a 14:00<\/p>\n<p>[\/vc_column_text][\/vc_column][vc_column width=\u00bb1\/3&#8243;][vc_single_image image=\u00bb2991&#8243; alignment=\u00bbcenter\u00bb el_class=\u00bbiconos_inicio\u00bb][vc_wp_text el_class=\u00bbtexto\u00bb]<\/p>\n<p class=\"texto-home\" style=\"text-align: center;\">Nave de Terneras.<\/p>\n<p class=\"texto-home\" style=\"text-align: center;\">P.\u00ba de la Chopera, 10, Arganzuela, 28045 Madrid.<\/p>\n<p>[\/vc_wp_text][\/vc_column][\/vc_row][vc_row][vc_column][vc_single_image image=\u00bb3095&#8243; img_size=\u00bb1200 x 90&#8243; alignment=\u00bbcenter\u00bb el_class=\u00bbimagen_ministerio\u00bb][\/vc_column][\/vc_row]<\/p>\n<\/section>","protected":false},"excerpt":{"rendered":"<p>[vc_row el_class=\u00bbhome-columna\u00bb][vc_column width=\u00bb1\/3&#8243; el_class=\u00bbprimera\u00bb][vc_column_text el_class=\u00bbtexto\u00bb css=\u00bb.vc_custom_1754548122241{margin-right: 50px !important;}\u00bb] El impacto de la transformaci\u00f3n digital en la log\u00edstica La transformaci\u00f3n digital est\u00e1 reconfigurando el mapa log\u00edstico a toda velocidad. Automatizaci\u00f3n, inteligencia artificial, trazabilidad en tiempo real, sostenibilidad\u2026 El cambio ya est\u00e1 en marcha, y Madrid ser\u00e1 el punto de encuentro donde empresas, startups, instituciones y profesionales&hellip;<\/p>\n","protected":false},"author":1,"featured_media":0,"parent":0,"menu_order":0,"comment_status":"closed","ping_status":"closed","template":"","meta":{"footnotes":""},"class_list":["post-834","page","type-page","status-publish","hentry","description-off"],"_links":{"self":[{"href":"https:\/\/universidadpyme.fundae.es\/madrid2025\/wp-json\/wp\/v2\/pages\/834","targetHints":{"allow":["GET"]}}],"collection":[{"href":"https:\/\/universidadpyme.fundae.es\/madrid2025\/wp-json\/wp\/v2\/pages"}],"about":[{"href":"https:\/\/universidadpyme.fundae.es\/madrid2025\/wp-json\/wp\/v2\/types\/page"}],"author":[{"embeddable":true,"href":"https:\/\/universidadpyme.fundae.es\/madrid2025\/wp-json\/wp\/v2\/users\/1"}],"replies":[{"embeddable":true,"href":"https:\/\/universidadpyme.fundae.es\/madrid2025\/wp-json\/wp\/v2\/comments?post=834"}],"version-history":[{"count":109,"href":"https:\/\/universidadpyme.fundae.es\/madrid2025\/wp-json\/wp\/v2\/pages\/834\/revisions"}],"predecessor-version":[{"id":3206,"href":"https:\/\/universidadpyme.fundae.es\/madrid2025\/wp-json\/wp\/v2\/pages\/834\/revisions\/3206"}],"wp:attachment":[{"href":"https:\/\/universidadpyme.fundae.es\/madrid2025\/wp-json\/wp\/v2\/media?parent=834"}],"curies":[{"name":"wp","href":"https:\/\/api.w.org\/{rel}","templated":true}]}}

<section class="wpb-content-wrapper"><p>[vc_row el_class=»home-columna»][vc_column width=»1/3&#8243; el_class=»primera»][vc_column_text el_class=»texto» css=».vc_custom_1754548122241{margin-right: 50px !important;}»]</p>
<h1 class="home">El impacto de la transformación digital en la logística</h1>
<p>La transformación digital está reconfigurando el mapa logístico a toda velocidad. Automatización, inteligencia artificial, trazabilidad en tiempo real, sostenibilidad… El cambio ya está en marcha, y Madrid será el punto de encuentro donde empresas, startups, instituciones y profesionales debatirán, compartirán y construirán el futuro de la logística. Dos días para explorar las nuevas rutas que conectan innovación, emprendimiento y digitalización con el corazón del transporte y la distribución.</p>
<p><strong><span class="azul">Dirigido a </span></strong> pymes, emprendedores y profesionales de todos los sectores interesados en la transformación digital y las tecnologías emergentes.[/vc_column_text][/vc_column][vc_column width=»1/3&#8243; el_class=»segunda» css=».vc_custom_1757347205781{margin-top: 30px !important;margin-left: 50px !important;}»][vc_single_image image=»2984&#8243; img_size=»260&#215;150&#8243; el_class=»home-calendario»][vc_column_text css=».vc_custom_1754053305549{margin-top: 20px !important;}» el_class=»texto»]<strong>Fecha:</strong> 21 y 22 de octubre<br />
<strong>Horario:</strong><br />
&#8211; 21 de octubre: 09:00 &#8211; 13:30 horas<br />
&#8211; 22 de octubre: 09:30 &#8211; 14:00 horas<br />
<strong>Lugar:</strong> Nave de Terneras.<br />
<strong>Dirección:</strong> P.º de la Chopera, 10, Arganzuela, 28045 Madrid.[/vc_column_text][vc_column_text css=».vc_custom_1754053338684{margin-top: 20px !important;}»]<strong><span class="azul texto">¡No te quedes sin plaza!</span></strong>[/vc_column_text][vc_btn title=»Inscríbete» color=»primary» el_class=»home-boton» link=»url:https%3A%2F%2Fformularios.businessplus.es%2FUniversidadPyme%3Fclave%3DFYduX1Ja7UqWVRKjecS3yg|target:_blank»][/vc_column][vc_column width=»1/3&#8243; el_class=»tercera»][vc_single_image image=»3201&#8243; img_size=»230&#215;105&#8243; alignment=»center» css=».vc_custom_1757347249645{margin-top: 30px !important;}»][vc_column_text el_class=»texto»]<strong>Te invitamos a ser parte de este concurso diseñado para dar visibilidad a tu startup, producto o servicio ante una audiencia relevante. </strong></p>
<p>Tendrás la oportunidad de presentar tu proyecto ante inversores, fondos de inversión y un jurado de expertos que te ofrecerán consejos y mejores prácticas para perfeccionar tus habilidades empresariales.[/vc_column_text][vc_btn title=»Leer más» color=»primary» el_class=»home-boton» link=»url:https%3A%2F%2Funiversostartup.es%2F|target:_blank»][/vc_column][/vc_row][vc_row anchor=»200&#8243; el_class=»columna_inicio»][vc_column width=»1/3&#8243;][vc_single_image image=»2990&#8243; alignment=»center» el_class=»iconos_inicio»][vc_column_text el_class=»texto»]</p>
<p class="texto-home" style="text-align: center;">21 y 22 de octubre de 2025</p>
<p>[/vc_column_text][/vc_column][vc_column width=»1/3&#8243;][vc_single_image image=»2992&#8243; alignment=»center» el_class=»iconos_inicio»][vc_column_text el_class=»texto»]</p>
<p class="texto-home" style="text-align: center;">de 09:00 a 13:30</p>
<p class="texto-home" style="text-align: center;">de 09:30 a 14:00</p>
<p>[/vc_column_text][/vc_column][vc_column width=»1/3&#8243;][vc_single_image image=»2991&#8243; alignment=»center» el_class=»iconos_inicio»][vc_wp_text el_class=»texto»]</p>
<p class="texto-home" style="text-align: center;">Nave de Terneras.</p>
<p class="texto-home" style="text-align: center;">P.º de la Chopera, 10, Arganzuela, 28045 Madrid.</p>
<p>[/vc_wp_text][/vc_column][/vc_row][vc_row][vc_column][vc_single_image image=»3095&#8243; img_size=»1200 x 90&#8243; alignment=»center» el_class=»imagen_ministerio»][/vc_column][/vc_row]</p>
</section>

<p>[vc_row el_class=»home-columna»][vc_column width=»1/3&#8243; el_class=»primera»][vc_column_text el_class=»texto» css=».vc_custom_1754548122241{margin-right: 50px !important;}»] El impacto de la transformación digital en la logística La transformación digital está reconfigurando el mapa logístico a toda velocidad. Automatización, inteligencia artificial, trazabilidad en tiempo real, sostenibilidad… El cambio ya está en marcha, y Madrid será el punto de encuentro donde empresas, startups, instituciones y profesionales&hellip;</p>
