{"id":834,"date":"2014-03-18T09:49:29","date_gmt":"2014-03-18T09:49:29","guid":{"rendered":"http:\/\/the7.dream-demo.com\/business\/?page_id=2"},"modified":"2026-03-23T12:06:34","modified_gmt":"2026-03-23T12:06:34","slug":"homepages","status":"publish","type":"page","link":"https:\/\/universidadpyme.fundae.es\/valencia\/","title":{"rendered":"Home"},"content":{"rendered":"<section class=\"wpb-content-wrapper\"><p>[vc_row el_class=\u00bbdigitalizacion\u00bb][vc_column width=\u00bb2\/3&#8243; el_class=\u00bbfirst\u00bb][vc_column_text]<\/p>\n<h1 class=\"home\">Digitalizaci\u00f3n y seguridad<br \/>\nen la construcci\u00f3n<\/h1>\n<p>La construcci\u00f3n del futuro ya est\u00e1 en marcha. El 5 de junio de 2025, te esperamos en la Fundaci\u00f3n Laboral de la Construcci\u00f3n de Valencia para descubrir c\u00f3mo la digitalizaci\u00f3n y la seguridad est\u00e1n revolucionando el sector. En el evento \u00abDigitalizaci\u00f3n y seguridad en la construcci\u00f3n\u00bb, organizado por Universidad Pyme, exploraremos las \u00faltimas tecnolog\u00edas, herramientas y tendencias que est\u00e1n marcando un antes y un despu\u00e9s en las obras, en la gesti\u00f3n y, sobre todo, en la protecci\u00f3n de las personas. Si quieres construir proyectos m\u00e1s seguros, eficientes y conectados, esta cita es para ti. \u00a1\u00danete a la transformaci\u00f3n!<\/p>\n<p><span class=\"orange\">Dirigido a pymes<\/span>, emprendedores y profesionales del sector de la construcci\u00f3n. Personas que lideran, trabajan o se est\u00e1n formando en el sector construcci\u00f3n y quieren integrar tecnolog\u00eda, digitalizaci\u00f3n y seguridad en sus operaciones para ser m\u00e1s competitivos.[\/vc_column_text][\/vc_column][vc_column width=\u00bb1\/3&#8243;][vc_single_image image=\u00bb2359&#8243; img_size=\u00bbmedium\u00bb el_class=\u00bbimagen-calendario\u00bb][vc_column_text css=\u00bb.vc_custom_1746631911344{margin-top: 20px !important;}\u00bb]<strong>Fecha:<\/strong> 05 de junio<br \/>\n<strong>Horario:<\/strong> De 9:00 a 14:00 horas<br \/>\n<strong>Lugar:<\/strong> Valencia Fundaci\u00f3n Laboral de la Construcci\u00f3n. Pol\u00edgono Industrial L\u00b4Horta Vella, Carrer Ordu\u00f1a, n\u00famero 2, 46117 B\u00e9tera, Valencia.[\/vc_column_text][vc_column_text css=\u00bb.vc_custom_1746631726888{margin-top: 20px !important;}\u00bb]<strong><span class=\"orange texto\">\u00a1No te quedes sin plaza!<\/span><\/strong>[\/vc_column_text][vc_btn title=\u00bbInscr\u00edbete\u00bb color=\u00bbprimary\u00bb el_class=\u00bbhome-boton none\u00bb link=\u00bburl:https%3A%2F%2Fformularios.businessplus.es%2FUniversidadPyme%3Fclave%3D8ZqnKBFFxUGtmmpls1kVUg|target:_blank\u00bb][\/vc_column][\/vc_row][vc_row anchor=\u00bb200&#8243; el_class=\u00bbcolumna_inicio\u00bb][vc_column width=\u00bb1\/3&#8243;][vc_single_image image=\u00bb1760&#8243; alignment=\u00bbcenter\u00bb el_class=\u00bbiconos_inicio\u00bb][vc_column_text el_class=\u00bbtexto\u00bb]<\/p>\n<p class=\"texto-home\" style=\"text-align: center;\">05 de junio de 2025<\/p>\n<p>[\/vc_column_text][\/vc_column][vc_column width=\u00bb1\/3&#8243;][vc_single_image image=\u00bb1761&#8243; alignment=\u00bbcenter\u00bb el_class=\u00bbiconos_inicio\u00bb][vc_column_text el_class=\u00bbtexto\u00bb]<\/p>\n<p class=\"texto-home\" style=\"text-align: center;\">de 09:00 a 14:00<\/p>\n<p>[\/vc_column_text][\/vc_column][vc_column width=\u00bb1\/3&#8243;][vc_single_image image=\u00bb1759&#8243; alignment=\u00bbcenter\u00bb el_class=\u00bbiconos_inicio\u00bb][vc_wp_text el_class=\u00bbtexto\u00bb]<\/p>\n<p class=\"texto-home\" style=\"text-align: center;\">Fundaci\u00f3n Laboral de la Construcci\u00f3n.<\/p>\n<p>&nbsp;<\/p>\n<p class=\"texto-home-span\" style=\"text-align: center;\">Pol\u00edgono Industrial L\u00b4Horta Vella,<br \/>\nCarrer Ordu\u00f1a, n\u00famero 2,<br \/>\n46117 B\u00e9tera, Valencia.[\/vc_wp_text][\/vc_column][\/vc_row][vc_row][vc_column][vc_single_image image=\u00bb2340&#8243; img_size=\u00bb1115 x 90&#8243; alignment=\u00bbcenter\u00bb el_class=\u00bbimagen_ministerio\u00bb][\/vc_column][\/vc_row]<\/p>\n<\/section>","protected":false},"excerpt":{"rendered":"<p>[vc_row el_class=\u00bbdigitalizacion\u00bb][vc_column width=\u00bb2\/3&#8243; el_class=\u00bbfirst\u00bb][vc_column_text] Digitalizaci\u00f3n y seguridad en la construcci\u00f3n La construcci\u00f3n del futuro ya est\u00e1 en marcha. El 5 de junio de 2025, te esperamos en la Fundaci\u00f3n Laboral de la Construcci\u00f3n de Valencia para descubrir c\u00f3mo la digitalizaci\u00f3n y la seguridad est\u00e1n revolucionando el sector. En el evento \u00abDigitalizaci\u00f3n y seguridad en la&hellip;<\/p>\n","protected":false},"author":1,"featured_media":0,"parent":0,"menu_order":0,"comment_status":"closed","ping_status":"closed","template":"","meta":{"footnotes":""},"class_list":["post-834","page","type-page","status-publish","hentry","description-off"],"_links":{"self":[{"href":"https:\/\/universidadpyme.fundae.es\/valencia\/wp-json\/wp\/v2\/pages\/834","targetHints":{"allow":["GET"]}}],"collection":[{"href":"https:\/\/universidadpyme.fundae.es\/valencia\/wp-json\/wp\/v2\/pages"}],"about":[{"href":"https:\/\/universidadpyme.fundae.es\/valencia\/wp-json\/wp\/v2\/types\/page"}],"author":[{"embeddable":true,"href":"https:\/\/universidadpyme.fundae.es\/valencia\/wp-json\/wp\/v2\/users\/1"}],"replies":[{"embeddable":true,"href":"https:\/\/universidadpyme.fundae.es\/valencia\/wp-json\/wp\/v2\/comments?post=834"}],"version-history":[{"count":50,"href":"https:\/\/universidadpyme.fundae.es\/valencia\/wp-json\/wp\/v2\/pages\/834\/revisions"}],"predecessor-version":[{"id":2931,"href":"https:\/\/universidadpyme.fundae.es\/valencia\/wp-json\/wp\/v2\/pages\/834\/revisions\/2931"}],"wp:attachment":[{"href":"https:\/\/universidadpyme.fundae.es\/valencia\/wp-json\/wp\/v2\/media?parent=834"}],"curies":[{"name":"wp","href":"https:\/\/api.w.org\/{rel}","templated":true}]}}

<section class="wpb-content-wrapper"><p>[vc_row el_class=»digitalizacion»][vc_column width=»2/3&#8243; el_class=»first»][vc_column_text]</p>
<h1 class="home">Digitalización y seguridad<br />
en la construcción</h1>
<p>La construcción del futuro ya está en marcha. El 5 de junio de 2025, te esperamos en la Fundación Laboral de la Construcción de Valencia para descubrir cómo la digitalización y la seguridad están revolucionando el sector. En el evento «Digitalización y seguridad en la construcción», organizado por Universidad Pyme, exploraremos las últimas tecnologías, herramientas y tendencias que están marcando un antes y un después en las obras, en la gestión y, sobre todo, en la protección de las personas. Si quieres construir proyectos más seguros, eficientes y conectados, esta cita es para ti. ¡Únete a la transformación!</p>
<p><span class="orange">Dirigido a pymes</span>, emprendedores y profesionales del sector de la construcción. Personas que lideran, trabajan o se están formando en el sector construcción y quieren integrar tecnología, digitalización y seguridad en sus operaciones para ser más competitivos.[/vc_column_text][/vc_column][vc_column width=»1/3&#8243;][vc_single_image image=»2359&#8243; img_size=»medium» el_class=»imagen-calendario»][vc_column_text css=».vc_custom_1746631911344{margin-top: 20px !important;}»]<strong>Fecha:</strong> 05 de junio<br />
<strong>Horario:</strong> De 9:00 a 14:00 horas<br />
<strong>Lugar:</strong> Valencia Fundación Laboral de la Construcción. Polígono Industrial L´Horta Vella, Carrer Orduña, número 2, 46117 Bétera, Valencia.[/vc_column_text][vc_column_text css=».vc_custom_1746631726888{margin-top: 20px !important;}»]<strong><span class="orange texto">¡No te quedes sin plaza!</span></strong>[/vc_column_text][vc_btn title=»Inscríbete» color=»primary» el_class=»home-boton none» link=»url:https%3A%2F%2Fformularios.businessplus.es%2FUniversidadPyme%3Fclave%3D8ZqnKBFFxUGtmmpls1kVUg|target:_blank»][/vc_column][/vc_row][vc_row anchor=»200&#8243; el_class=»columna_inicio»][vc_column width=»1/3&#8243;][vc_single_image image=»1760&#8243; alignment=»center» el_class=»iconos_inicio»][vc_column_text el_class=»texto»]</p>
<p class="texto-home" style="text-align: center;">05 de junio de 2025</p>
<p>[/vc_column_text][/vc_column][vc_column width=»1/3&#8243;][vc_single_image image=»1761&#8243; alignment=»center» el_class=»iconos_inicio»][vc_column_text el_class=»texto»]</p>
<p class="texto-home" style="text-align: center;">de 09:00 a 14:00</p>
<p>[/vc_column_text][/vc_column][vc_column width=»1/3&#8243;][vc_single_image image=»1759&#8243; alignment=»center» el_class=»iconos_inicio»][vc_wp_text el_class=»texto»]</p>
<p class="texto-home" style="text-align: center;">Fundación Laboral de la Construcción.</p>
<p>&nbsp;</p>
<p class="texto-home-span" style="text-align: center;">Polígono Industrial L´Horta Vella,<br />
Carrer Orduña, número 2,<br />
46117 Bétera, Valencia.[/vc_wp_text][/vc_column][/vc_row][vc_row][vc_column][vc_single_image image=»2340&#8243; img_size=»1115 x 90&#8243; alignment=»center» el_class=»imagen_ministerio»][/vc_column][/vc_row]</p>
</section>

<p>[vc_row el_class=»digitalizacion»][vc_column width=»2/3&#8243; el_class=»first»][vc_column_text] Digitalización y seguridad en la construcción La construcción del futuro ya está en marcha. El 5 de junio de 2025, te esperamos en la Fundación Laboral de la Construcción de Valencia para descubrir cómo la digitalización y la seguridad están revolucionando el sector. En el evento «Digitalización y seguridad en la&hellip;</p>
