{"id":9,"date":"2014-03-18T10:03:13","date_gmt":"2014-03-18T10:03:13","guid":{"rendered":"http:\/\/the7.dream-demo.com\/business\/?page_id=7"},"modified":"2025-05-08T10:28:01","modified_gmt":"2025-05-08T10:28:01","slug":"fundae","status":"publish","type":"page","link":"https:\/\/universidadpyme.fundae.es\/valencia\/fundae\/","title":{"rendered":"FUNDAE"},"content":{"rendered":"<section class=\"wpb-content-wrapper\"><p>[vc_row][vc_column]\n\t\t\t<!-- START Fundae REVOLUTION SLIDER 6.6.10 --><p class=\"rs-p-wp-fix\"><\/p>\n\t\t\t<rs-module-wrap id=\"rev_slider_15_1_wrapper\" data-source=\"gallery\" style=\"visibility:hidden;background:transparent;padding:0;margin:0px auto;margin-top:0;margin-bottom:0;\">\n\t\t\t\t<rs-module id=\"rev_slider_15_1\" style=\"\" data-version=\"6.6.10\">\n\t\t\t\t\t<rs-slides style=\"overflow: hidden; position: absolute;\">\n\t\t\t\t\t\t<rs-slide style=\"position: absolute;\" data-key=\"rs-18\" data-title=\"Slide\" data-anim=\"adpr:false;ms:600;\" data-in=\"o:0;\" data-out=\"a:false;\">\n\t\t\t\t\t\t\t<img fetchpriority=\"high\" decoding=\"async\" src=\"\/\/universidadpyme.fundae.es\/valencia\/wp-content\/plugins\/revslider\/public\/assets\/assets\/dummy.png\" alt=\"Slide\" title=\"fondo_degradado\" width=\"2540\" height=\"1143\" class=\"rev-slidebg tp-rs-img rs-lazyload\" data-lazyload=\"\/\/universidadpyme.fundae.es\/valencia\/wp-content\/plugins\/revslider\/public\/assets\/assets\/transparent.png\" data-bg=\"p:right center;c:#ee760c;\" data-no-retina>\n<!--\n\t\t\t\t\t\t\t--><rs-layer\n\t\t\t\t\t\t\t\tid=\"slider-15-slide-18-layer-0\" \n\t\t\t\t\t\t\t\tdata-type=\"text\"\n\t\t\t\t\t\t\t\tdata-rsp_ch=\"on\"\n\t\t\t\t\t\t\t\tdata-xy=\"xo:6px,49px,80px,74px;yo:188px,390px,256px,297px;\"\n\t\t\t\t\t\t\t\tdata-text=\"w:normal;s:30,25,25,15;l:38,30,30,20;ls:0px,0px,0px,2px;fw:700;\"\n\t\t\t\t\t\t\t\tdata-dim=\"w:636px,955px,667px,374px;\"\n\t\t\t\t\t\t\t\tdata-frame_1=\"st:1330;sp:1200;sR:1330;\"\n\t\t\t\t\t\t\t\tdata-frame_999=\"o:0;st:w;sR:6470;\"\n\t\t\t\t\t\t\t\tstyle=\"z-index:9;font-family:'Nexa';\"\n\t\t\t\t\t\t\t>La jornada se enmarca en el proyecto Universidad Pyme, promovido por el SEPE y desarrollado por Fundae en colaboraci\u00f3n con las administraciones territoriales, las organizaciones sectoriales y los agentes sociales. \n\t\t\t\t\t\t\t<\/rs-layer><!--\n\n\t\t\t\t\t\t\t--><a\n\t\t\t\t\t\t\t\tid=\"slider-15-slide-18-layer-1\" \n\t\t\t\t\t\t\t\tclass=\"rs-layer rev-btn\"\n\t\t\t\t\t\t\t\thref=\"https:\/\/formularios.businessplus.es\/UniversidadPyme?clave=8ZqnKBFFxUGtmmpls1kVUg\" target=\"_blank\" rel=\"noopener\"\n\t\t\t\t\t\t\t\tdata-type=\"button\"\n\t\t\t\t\t\t\t\tdata-rsp_ch=\"on\"\n\t\t\t\t\t\t\t\tdata-xy=\"xo:6px,49px,303px,161px;yo:442px,490px,420px,438px;\"\n\t\t\t\t\t\t\t\tdata-text=\"w:normal;s:22,16,20,20;l:55,41,30,30;fw:600;\"\n\t\t\t\t\t\t\t\tdata-dim=\"w:290px,219px,166px,166px;h:60px,45px,45px,45px;minh:0px,none,none,none;\"\n\t\t\t\t\t\t\t\tdata-vbility=\"f,f,f,f\"\n\t\t\t\t\t\t\t\tdata-padding=\"t:5,4,10,10;r:50,38,30,30;l:90,68,35,35;\"\n\t\t\t\t\t\t\t\tdata-border=\"bor:10px,10px,10px,10px;\"\n\t\t\t\t\t\t\t\tdata-frame_1=\"st:1320;sp:1200;sR:1320;\"\n\t\t\t\t\t\t\t\tdata-frame_999=\"o:0;st:w;sR:6480;\"\n\t\t\t\t\t\t\t\tdata-frame_hover=\"bgc:#00198a;bor:10px,10px,10px,10px;td:underline;sp:100;e:power1.inOut;bri:120%;\"\n\t\t\t\t\t\t\t\tstyle=\"z-index:14;background-color:#00198a;font-family:'Nexa';\"\n\t\t\t\t\t\t\t>Reg\u00edstrate \n\t\t\t\t\t\t\t<\/a><!--\n\n\t\t\t\t\t\t\t--><rs-layer\n\t\t\t\t\t\t\t\tid=\"slider-15-slide-18-layer-2\" \n\t\t\t\t\t\t\t\tdata-type=\"text\"\n\t\t\t\t\t\t\t\tdata-color=\"#00198a\"\n\t\t\t\t\t\t\t\tdata-rsp_ch=\"on\"\n\t\t\t\t\t\t\t\tdata-xy=\"xo:5px,50px,300px,184px;y:m;yo:-148px,99px,1px,34px;\"\n\t\t\t\t\t\t\t\tdata-text=\"w:normal;s:45,45,45,25;l:50,45,50,28;ls:1px;fw:700;\"\n\t\t\t\t\t\t\t\tdata-dim=\"w:671px,410px,193px,130px;h:auto,58px,auto,29px;\"\n\t\t\t\t\t\t\t\tdata-margin=\"b:30;\"\n\t\t\t\t\t\t\t\tdata-frame_0=\"y:100%;\"\n\t\t\t\t\t\t\t\tdata-frame_0_mask=\"u:t;y:100%;\"\n\t\t\t\t\t\t\t\tdata-frame_1=\"e:power2.inOut;st:1350;sp:1200;sR:1350;\"\n\t\t\t\t\t\t\t\tdata-frame_1_mask=\"u:t;\"\n\t\t\t\t\t\t\t\tdata-frame_999=\"o:0;e:nothing;st:w;sR:6450;\"\n\t\t\t\t\t\t\t\tstyle=\"z-index:10;font-family:'Nexa';\"\n\t\t\t\t\t\t\t>Fundae \n\t\t\t\t\t\t\t<\/rs-layer><!--\n\n\t\t\t\t\t\t\t--><rs-layer\n\t\t\t\t\t\t\t\tid=\"slider-15-slide-18-layer-3\" \n\t\t\t\t\t\t\t\tdata-type=\"text\"\n\t\t\t\t\t\t\t\tdata-color=\"#ffffff||#00198a||#ffffff||#ffffff\"\n\t\t\t\t\t\t\t\tdata-rsp_ch=\"on\"\n\t\t\t\t\t\t\t\tdata-xy=\"xo:3px,48px,78px,76px;y:m;yo:179px,243px,221px,215px;\"\n\t\t\t\t\t\t\t\tdata-text=\"w:normal;s:30,25,20,20;l:35,25,20,20;ls:1px;fw:700;\"\n\t\t\t\t\t\t\t\tdata-dim=\"w:671px,902px,607px,352px;\"\n\t\t\t\t\t\t\t\tdata-margin=\"b:30;\"\n\t\t\t\t\t\t\t\tdata-padding=\"t:0,5,5,5;\"\n\t\t\t\t\t\t\t\tdata-frame_0=\"y:100%;\"\n\t\t\t\t\t\t\t\tdata-frame_0_mask=\"u:t;y:100%;\"\n\t\t\t\t\t\t\t\tdata-frame_1=\"e:power2.inOut;st:1350;sp:1200;sR:1350;\"\n\t\t\t\t\t\t\t\tdata-frame_1_mask=\"u:t;\"\n\t\t\t\t\t\t\t\tdata-frame_999=\"o:0;e:nothing;st:w;sR:6450;\"\n\t\t\t\t\t\t\t\tstyle=\"z-index:10;font-family:'Nexa';\"\n\t\t\t\t\t\t\t>Evento realizado, para conocer pr\u00f3ximos eventos, pulsa el siguiente  <a class='link-verde' href='https:\/\/www.fundae.es\/actualidad\/universidad-pyme' target='_blank'>enlace<\/a> \n\t\t\t\t\t\t\t<\/rs-layer><!--\n\n\t\t\t\t\t\t\t--><rs-layer\n\t\t\t\t\t\t\t\tid=\"slider-15-slide-18-layer-4\" \n\t\t\t\t\t\t\t\tdata-type=\"image\"\n\t\t\t\t\t\t\t\tdata-rsp_ch=\"on\"\n\t\t\t\t\t\t\t\tdata-xy=\"x:r,c,c,c;xo:0,18px,0,6px;y:m;yo:8px,-88px,-146px,-122px;\"\n\t\t\t\t\t\t\t\tdata-text=\"w:normal;s:20,15,11,6;l:0,18,13,8;\"\n\t\t\t\t\t\t\t\tdata-dim=\"w:713px,531px,350px,320px;h:408px,326px,200px,196px;\"\n\t\t\t\t\t\t\t\tdata-frame_1=\"st:1320;sp:1200;sR:1320;\"\n\t\t\t\t\t\t\t\tdata-frame_999=\"o:0;st:w;sR:6480;\"\n\t\t\t\t\t\t\t\tstyle=\"z-index:13;\"\n\t\t\t\t\t\t\t><img decoding=\"async\" src=\"\/\/universidadpyme.fundae.es\/valencia\/wp-content\/plugins\/revslider\/public\/assets\/assets\/dummy.png\" alt=\"\" class=\"tp-rs-img rs-lazyload\" width=\"815\" height=\"466\" data-lazyload=\"\/\/universidadpyme.fundae.es\/valencia\/wp-content\/uploads\/2025\/05\/img_fundae.png\" data-no-retina> \n\t\t\t\t\t\t\t<\/rs-layer><!--\n-->\t\t\t\t\t\t<\/rs-slide>\n\t\t\t\t\t<\/rs-slides>\n\t\t\t\t<\/rs-module>\n\t\t\t\t<script>\n\t\t\t\t\tsetREVStartSize({c: 'rev_slider_15_1',rl:[1240,1024,778,480],el:[600,550,500,520],gw:[1350,1024,778,480],gh:[600,550,500,520],type:'standard',justify:'',layout:'fullwidth',mh:\"600\"});if (window.RS_MODULES!==undefined && window.RS_MODULES.modules!==undefined && window.RS_MODULES.modules[\"revslider151\"]!==undefined) {window.RS_MODULES.modules[\"revslider151\"].once = false;window.revapi15 = undefined;if (window.RS_MODULES.checkMinimal!==undefined) window.RS_MODULES.checkMinimal()}\n\t\t\t\t<\/script>\n\t\t\t<\/rs-module-wrap>\n\t\t\t<!-- END REVOLUTION SLIDER -->\n[vc_row_inner css=\u00bb.vc_custom_1746698747313{margin-top: 100px !important;}\u00bb el_class=\u00bbrow-1400&#8243;][vc_column_inner][vc_column_text]<\/p>\n<p style=\"font-size: 24px; font-weight:500;\">Universidad Pyme, un proyecto financiado por los Fondos Next Generation y desarrollado por Fundae en colaboraci\u00f3n con el SEPE, tiene como objetivo promover la cultura de la formaci\u00f3n en digitalizaci\u00f3n a trav\u00e9s de eventos tem\u00e1ticos. En Valencia, contaremos con el apoyo de la Fundaci\u00f3n Laboral de la Construcci\u00f3n.<\/p>\n<p>[\/vc_column_text][\/vc_column_inner][\/vc_row_inner][vc_row_inner el_class=\u00bbrow-1400&#8243; css=\u00bb.vc_custom_1746698856585{margin-bottom: 50px !important;}\u00bb][vc_column_inner][vc_column_text css=\u00bb.vc_custom_1746692606122{margin-top: 50px !important;}\u00bb]<\/p>\n<h1 style=\"text-align: left;\"><strong><span class=\"azul_titulo\">\u00bfQu\u00e9 te ofrece Fundae?<\/span><\/strong><\/h1>\n<p>[\/vc_column_text][\/vc_column_inner][\/vc_row_inner][\/vc_column][\/vc_row][vc_row el_class=\u00bbrow-1400&#8243;][vc_column width=\u00bb1\/3&#8243;][vc_single_image image=\u00bb1798&#8243; img_size=\u00bbmedium\u00bb alignment=\u00bbcenter\u00bb onclick=\u00bbcustom_link\u00bb img_link_target=\u00bb_blank\u00bb link=\u00bbhttps:\/\/www.fundae.es\/empresas\u00bb][vc_column_text css=\u00bb.vc_custom_1746703660585{margin-top: 30px !important;margin-bottom: 30px !important;}\u00bb]<\/p>\n<p style=\"text-align: center; font-size: 25px; font-family: 'Nexa'; line-height: 1.2;\"><strong>\u00bfEres una Empresa?<br \/> Bonifica tu formaci\u00f3n<\/strong><\/p>\n<p>[\/vc_column_text][\/vc_column][vc_column width=\u00bb1\/3&#8243;][vc_single_image image=\u00bb1799&#8243; img_size=\u00bbmedium\u00bb alignment=\u00bbcenter\u00bb onclick=\u00bbcustom_link\u00bb img_link_target=\u00bb_blank\u00bb link=\u00bbhttps:\/\/experienciafundae.es\/buscador\u00bb][vc_column_text css=\u00bb.vc_custom_1746703670392{margin-top: 30px !important;margin-bottom: 30px !important;}\u00bb]<\/p>\n<p style=\"text-align: center; font-size: 25px; font-family: 'Nexa'; line-height: 1.2;\"><strong>Encuentra la formaci\u00f3n que necesitas en nuestro Buscador de cursos<\/strong><\/p>\n<p>[\/vc_column_text][\/vc_column][vc_column width=\u00bb1\/3&#8243;][vc_single_image image=\u00bb1800&#8243; img_size=\u00bbmedium\u00bb alignment=\u00bbcenter\u00bb onclick=\u00bbcustom_link\u00bb img_link_target=\u00bb_blank\u00bb link=\u00bbhttps:\/\/experienciafundae.es\/digitalizate\/1&#8243;][vc_column_text css=\u00bb.vc_custom_1746703724360{margin-top: 30px !important;margin-bottom: 30px !important;}\u00bb]<\/p>\n<p style=\"text-align: center; font-size: 25px; font-family: 'Nexa'; line-height: 1.2;\"><strong>Formaci\u00f3n gratuita y de calidad en Digital\u00edzatePlus<\/strong><\/p>\n<p>[\/vc_column_text][\/vc_column][\/vc_row][vc_row][vc_column][vc_single_image image=\u00bb2397&#8243; img_size=\u00bbfull\u00bb alignment=\u00bbcenter\u00bb css=\u00bb.vc_custom_1746698600033{margin-top: 100px !important;margin-bottom: 100px !important;}\u00bb][\/vc_column][\/vc_row]<\/p>\n<\/section>","protected":false},"excerpt":{"rendered":"<p>[vc_row][vc_column][vc_row_inner css=\u00bb.vc_custom_1746698747313{margin-top: 100px !important;}\u00bb el_class=\u00bbrow-1400&#8243;][vc_column_inner][vc_column_text] Universidad Pyme, un proyecto financiado por los Fondos Next Generation y desarrollado por Fundae en colaboraci\u00f3n con el SEPE, tiene como objetivo promover la cultura de la formaci\u00f3n en digitalizaci\u00f3n a trav\u00e9s de eventos tem\u00e1ticos. En Valencia, contaremos con el apoyo de la Fundaci\u00f3n Laboral de la Construcci\u00f3n. [\/vc_column_text][\/vc_column_inner][\/vc_row_inner][vc_row_inner el_class=\u00bbrow-1400&#8243;&hellip;<\/p>\n","protected":false},"author":1,"featured_media":0,"parent":0,"menu_order":200,"comment_status":"closed","ping_status":"closed","template":"","meta":{"footnotes":""},"class_list":["post-9","page","type-page","status-publish","hentry","description-off"],"_links":{"self":[{"href":"https:\/\/universidadpyme.fundae.es\/valencia\/wp-json\/wp\/v2\/pages\/9","targetHints":{"allow":["GET"]}}],"collection":[{"href":"https:\/\/universidadpyme.fundae.es\/valencia\/wp-json\/wp\/v2\/pages"}],"about":[{"href":"https:\/\/universidadpyme.fundae.es\/valencia\/wp-json\/wp\/v2\/types\/page"}],"author":[{"embeddable":true,"href":"https:\/\/universidadpyme.fundae.es\/valencia\/wp-json\/wp\/v2\/users\/1"}],"replies":[{"embeddable":true,"href":"https:\/\/universidadpyme.fundae.es\/valencia\/wp-json\/wp\/v2\/comments?post=9"}],"version-history":[{"count":231,"href":"https:\/\/universidadpyme.fundae.es\/valencia\/wp-json\/wp\/v2\/pages\/9\/revisions"}],"predecessor-version":[{"id":2427,"href":"https:\/\/universidadpyme.fundae.es\/valencia\/wp-json\/wp\/v2\/pages\/9\/revisions\/2427"}],"wp:attachment":[{"href":"https:\/\/universidadpyme.fundae.es\/valencia\/wp-json\/wp\/v2\/media?parent=9"}],"curies":[{"name":"wp","href":"https:\/\/api.w.org\/{rel}","templated":true}]}}

<section class="wpb-content-wrapper"><p>[vc_row][vc_column]
			<!-- START Fundae REVOLUTION SLIDER 6.6.10 --><p class="rs-p-wp-fix"></p>
			<rs-module-wrap id="rev_slider_15_1_wrapper" data-source="gallery" style="visibility:hidden;background:transparent;padding:0;margin:0px auto;margin-top:0;margin-bottom:0;">
				<rs-module id="rev_slider_15_1" style="" data-version="6.6.10">
					<rs-slides style="overflow: hidden; position: absolute;">
						<rs-slide style="position: absolute;" data-key="rs-18" data-title="Slide" data-anim="adpr:false;ms:600;" data-in="o:0;" data-out="a:false;">
							<img fetchpriority="high" decoding="async" src="//universidadpyme.fundae.es/valencia/wp-content/plugins/revslider/public/assets/assets/dummy.png" alt="Slide" title="fondo_degradado" width="2540" height="1143" class="rev-slidebg tp-rs-img rs-lazyload" data-lazyload="//universidadpyme.fundae.es/valencia/wp-content/plugins/revslider/public/assets/assets/transparent.png" data-bg="p:right center;c:#ee760c;" data-no-retina>
<!--
							--><rs-layer
								id="slider-15-slide-18-layer-0" 
								data-type="text"
								data-rsp_ch="on"
								data-xy="xo:6px,49px,80px,74px;yo:188px,390px,256px,297px;"
								data-text="w:normal;s:30,25,25,15;l:38,30,30,20;ls:0px,0px,0px,2px;fw:700;"
								data-dim="w:636px,955px,667px,374px;"
								data-frame_1="st:1330;sp:1200;sR:1330;"
								data-frame_999="o:0;st:w;sR:6470;"
								style="z-index:9;font-family:'Nexa';"
							>La jornada se enmarca en el proyecto Universidad Pyme, promovido por el SEPE y desarrollado por Fundae en colaboración con las administraciones territoriales, las organizaciones sectoriales y los agentes sociales. 
							</rs-layer><!--

							--><a
								id="slider-15-slide-18-layer-1" 
								class="rs-layer rev-btn"
								href="https://formularios.businessplus.es/UniversidadPyme?clave=8ZqnKBFFxUGtmmpls1kVUg" target="_blank" rel="noopener"
								data-type="button"
								data-rsp_ch="on"
								data-xy="xo:6px,49px,303px,161px;yo:442px,490px,420px,438px;"
								data-text="w:normal;s:22,16,20,20;l:55,41,30,30;fw:600;"
								data-dim="w:290px,219px,166px,166px;h:60px,45px,45px,45px;minh:0px,none,none,none;"
								data-vbility="f,f,f,f"
								data-padding="t:5,4,10,10;r:50,38,30,30;l:90,68,35,35;"
								data-border="bor:10px,10px,10px,10px;"
								data-frame_1="st:1320;sp:1200;sR:1320;"
								data-frame_999="o:0;st:w;sR:6480;"
								data-frame_hover="bgc:#00198a;bor:10px,10px,10px,10px;td:underline;sp:100;e:power1.inOut;bri:120%;"
								style="z-index:14;background-color:#00198a;font-family:'Nexa';"
							>Regístrate 
							</a><!--

							--><rs-layer
								id="slider-15-slide-18-layer-2" 
								data-type="text"
								data-color="#00198a"
								data-rsp_ch="on"
								data-xy="xo:5px,50px,300px,184px;y:m;yo:-148px,99px,1px,34px;"
								data-text="w:normal;s:45,45,45,25;l:50,45,50,28;ls:1px;fw:700;"
								data-dim="w:671px,410px,193px,130px;h:auto,58px,auto,29px;"
								data-margin="b:30;"
								data-frame_0="y:100%;"
								data-frame_0_mask="u:t;y:100%;"
								data-frame_1="e:power2.inOut;st:1350;sp:1200;sR:1350;"
								data-frame_1_mask="u:t;"
								data-frame_999="o:0;e:nothing;st:w;sR:6450;"
								style="z-index:10;font-family:'Nexa';"
							>Fundae 
							</rs-layer><!--

							--><rs-layer
								id="slider-15-slide-18-layer-3" 
								data-type="text"
								data-color="#ffffff||#00198a||#ffffff||#ffffff"
								data-rsp_ch="on"
								data-xy="xo:3px,48px,78px,76px;y:m;yo:179px,243px,221px,215px;"
								data-text="w:normal;s:30,25,20,20;l:35,25,20,20;ls:1px;fw:700;"
								data-dim="w:671px,902px,607px,352px;"
								data-margin="b:30;"
								data-padding="t:0,5,5,5;"
								data-frame_0="y:100%;"
								data-frame_0_mask="u:t;y:100%;"
								data-frame_1="e:power2.inOut;st:1350;sp:1200;sR:1350;"
								data-frame_1_mask="u:t;"
								data-frame_999="o:0;e:nothing;st:w;sR:6450;"
								style="z-index:10;font-family:'Nexa';"
							>Evento realizado, para conocer próximos eventos, pulsa el siguiente  <a class='link-verde' href='https://www.fundae.es/actualidad/universidad-pyme' target='_blank'>enlace</a> 
							</rs-layer><!--

							--><rs-layer
								id="slider-15-slide-18-layer-4" 
								data-type="image"
								data-rsp_ch="on"
								data-xy="x:r,c,c,c;xo:0,18px,0,6px;y:m;yo:8px,-88px,-146px,-122px;"
								data-text="w:normal;s:20,15,11,6;l:0,18,13,8;"
								data-dim="w:713px,531px,350px,320px;h:408px,326px,200px,196px;"
								data-frame_1="st:1320;sp:1200;sR:1320;"
								data-frame_999="o:0;st:w;sR:6480;"
								style="z-index:13;"
							><img decoding="async" src="//universidadpyme.fundae.es/valencia/wp-content/plugins/revslider/public/assets/assets/dummy.png" alt="" class="tp-rs-img rs-lazyload" width="815" height="466" data-lazyload="//universidadpyme.fundae.es/valencia/wp-content/uploads/2025/05/img_fundae.png" data-no-retina> 
							</rs-layer><!--
-->						</rs-slide>
					</rs-slides>
				</rs-module>
				<script>
					setREVStartSize({c: 'rev_slider_15_1',rl:[1240,1024,778,480],el:[600,550,500,520],gw:[1350,1024,778,480],gh:[600,550,500,520],type:'standard',justify:'',layout:'fullwidth',mh:"600"});if (window.RS_MODULES!==undefined && window.RS_MODULES.modules!==undefined && window.RS_MODULES.modules["revslider151"]!==undefined) {window.RS_MODULES.modules["revslider151"].once = false;window.revapi15 = undefined;if (window.RS_MODULES.checkMinimal!==undefined) window.RS_MODULES.checkMinimal()}
				</script>
			</rs-module-wrap>
			<!-- END REVOLUTION SLIDER -->
[vc_row_inner css=».vc_custom_1746698747313{margin-top: 100px !important;}» el_class=»row-1400&#8243;][vc_column_inner][vc_column_text]</p>
<p style="font-size: 24px; font-weight:500;">Universidad Pyme, un proyecto financiado por los Fondos Next Generation y desarrollado por Fundae en colaboración con el SEPE, tiene como objetivo promover la cultura de la formación en digitalización a través de eventos temáticos. En Valencia, contaremos con el apoyo de la Fundación Laboral de la Construcción.</p>
<p>[/vc_column_text][/vc_column_inner][/vc_row_inner][vc_row_inner el_class=»row-1400&#8243; css=».vc_custom_1746698856585{margin-bottom: 50px !important;}»][vc_column_inner][vc_column_text css=».vc_custom_1746692606122{margin-top: 50px !important;}»]</p>
<h1 style="text-align: left;"><strong><span class="azul_titulo">¿Qué te ofrece Fundae?</span></strong></h1>
<p>[/vc_column_text][/vc_column_inner][/vc_row_inner][/vc_column][/vc_row][vc_row el_class=»row-1400&#8243;][vc_column width=»1/3&#8243;][vc_single_image image=»1798&#8243; img_size=»medium» alignment=»center» onclick=»custom_link» img_link_target=»_blank» link=»https://www.fundae.es/empresas»][vc_column_text css=».vc_custom_1746703660585{margin-top: 30px !important;margin-bottom: 30px !important;}»]</p>
<p style="text-align: center; font-size: 25px; font-family: 'Nexa'; line-height: 1.2;"><strong>¿Eres una Empresa?<br /> Bonifica tu formación</strong></p>
<p>[/vc_column_text][/vc_column][vc_column width=»1/3&#8243;][vc_single_image image=»1799&#8243; img_size=»medium» alignment=»center» onclick=»custom_link» img_link_target=»_blank» link=»https://experienciafundae.es/buscador»][vc_column_text css=».vc_custom_1746703670392{margin-top: 30px !important;margin-bottom: 30px !important;}»]</p>
<p style="text-align: center; font-size: 25px; font-family: 'Nexa'; line-height: 1.2;"><strong>Encuentra la formación que necesitas en nuestro Buscador de cursos</strong></p>
<p>[/vc_column_text][/vc_column][vc_column width=»1/3&#8243;][vc_single_image image=»1800&#8243; img_size=»medium» alignment=»center» onclick=»custom_link» img_link_target=»_blank» link=»https://experienciafundae.es/digitalizate/1&#8243;][vc_column_text css=».vc_custom_1746703724360{margin-top: 30px !important;margin-bottom: 30px !important;}»]</p>
<p style="text-align: center; font-size: 25px; font-family: 'Nexa'; line-height: 1.2;"><strong>Formación gratuita y de calidad en DigitalízatePlus</strong></p>
<p>[/vc_column_text][/vc_column][/vc_row][vc_row][vc_column][vc_single_image image=»2397&#8243; img_size=»full» alignment=»center» css=».vc_custom_1746698600033{margin-top: 100px !important;margin-bottom: 100px !important;}»][/vc_column][/vc_row]</p>
</section>

<p>[vc_row][vc_column][vc_row_inner css=».vc_custom_1746698747313{margin-top: 100px !important;}» el_class=»row-1400&#8243;][vc_column_inner][vc_column_text] Universidad Pyme, un proyecto financiado por los Fondos Next Generation y desarrollado por Fundae en colaboración con el SEPE, tiene como objetivo promover la cultura de la formación en digitalización a través de eventos temáticos. En Valencia, contaremos con el apoyo de la Fundación Laboral de la Construcción. [/vc_column_text][/vc_column_inner][/vc_row_inner][vc_row_inner el_class=»row-1400&#8243;&hellip;</p>
